Last updated on 2025-10-31 02:50:40 CET.
| Flavor | Version | Tinstall | Tcheck | Ttotal | Status | Flags | 
|---|---|---|---|---|---|---|
| r-devel-linux-x86_64-debian-clang | 4.2 | 4.95 | 44.30 | 49.25 | NOTE | |
| r-devel-linux-x86_64-debian-gcc | 4.2 | 3.65 | 32.50 | 36.15 | NOTE | |
| r-devel-linux-x86_64-fedora-clang | 4.2 | 11.00 | 64.42 | 75.42 | OK | |
| r-devel-linux-x86_64-fedora-gcc | 4.2 | 11.00 | 60.09 | 71.09 | OK | |
| r-devel-windows-x86_64 | 4.2 | 6.00 | 56.00 | 62.00 | OK | |
| r-patched-linux-x86_64 | 4.2 | 4.72 | 42.59 | 47.31 | OK | |
| r-release-linux-x86_64 | 4.2 | 5.42 | 42.33 | 47.75 | OK | |
| r-release-macos-arm64 | 4.2 | 3.00 | 23.00 | 26.00 | OK | |
| r-release-macos-x86_64 | 4.2 | 4.00 | 42.00 | 46.00 | OK | |
| r-release-windows-x86_64 | 4.2 | 6.00 | 58.00 | 64.00 | OK | |
| r-oldrel-macos-arm64 | 4.2 | 3.00 | 20.00 | 23.00 | OK | |
| r-oldrel-macos-x86_64 | 4.2 | 3.00 | 33.00 | 36.00 | OK | |
| r-oldrel-windows-x86_64 | 4.2 | 9.00 | 70.00 | 79.00 | OK | 
Version: 4.2
Check: CRAN incoming feasibility
Result: NOTE
  Maintainer: ‘Doug Nychka <nychka@mines.edu>’
  
  No Authors@R field in DESCRIPTION.
  Please add one, modifying
    Authors@R: c(person(given = "Doug",
                        family = "Nychka",
                        role = c("aut", "cre"),
                        email = "nychka@mines.edu"),
                 person(given = "Eric",
                        family = "Gilleland",
                        role = "aut"),
                 person(given = "Liangying",
                        family = "Zhang",
                        role = "aut"),
                 person(given = "Tim",
                        family = "Hoar",
                        role = "aut"),
                 person(given = "Kate",
                        family = "Young",
                        role = "aut"))
  as necessary.
Flavors: r-devel-linux-x86_64-debian-clang, r-devel-linux-x86_64-debian-gcc