Last updated on 2025-05-07 03:51:11 CEST.
Flavor | Version | Tinstall | Tcheck | Ttotal | Status | Flags |
---|---|---|---|---|---|---|
r-devel-linux-x86_64-debian-clang | 0.1.1 | 2.21 | 26.93 | 29.14 | NOTE | |
r-devel-linux-x86_64-debian-gcc | 0.1.1 | 1.50 | 22.03 | 23.53 | NOTE | |
r-devel-linux-x86_64-fedora-clang | 0.1.1 | 46.29 | OK | |||
r-devel-linux-x86_64-fedora-gcc | 0.1.1 | 59.21 | OK | |||
r-devel-windows-x86_64 | 0.1.1 | 3.00 | 52.00 | 55.00 | OK | |
r-patched-linux-x86_64 | 0.1.1 | 2.73 | 26.07 | 28.80 | OK | |
r-release-linux-x86_64 | 0.1.1 | 2.19 | 26.06 | 28.25 | OK | |
r-release-macos-arm64 | 0.1.1 | 23.00 | OK | |||
r-release-macos-x86_64 | 0.1.1 | 44.00 | OK | |||
r-release-windows-x86_64 | 0.1.1 | 3.00 | 53.00 | 56.00 | OK | |
r-oldrel-macos-arm64 | 0.1.1 | 23.00 | NOTE | |||
r-oldrel-macos-x86_64 | 0.1.1 | 34.00 | NOTE | |||
r-oldrel-windows-x86_64 | 0.1.1 | 4.00 | 57.00 | 61.00 | NOTE |
Version: 0.1.1
Check: CRAN incoming feasibility
Result: NOTE
Maintainer: ‘Chapman Siu <chpmn.siu@gmail.com>’
No Authors@R field in DESCRIPTION.
Please add one, modifying
Authors@R: person(given = "Chapman",
family = "Siu",
role = c("aut", "cre"),
email = "chpmn.siu@gmail.com")
as necessary.
Flavors: r-devel-linux-x86_64-debian-clang, r-devel-linux-x86_64-debian-gcc
Version: 0.1.1
Check: LazyData
Result: NOTE
'LazyData' is specified without a 'data' directory
Flavors: r-oldrel-macos-arm64, r-oldrel-macos-x86_64, r-oldrel-windows-x86_64