Last updated on 2025-05-06 03:51:12 CEST.
Flavor | Version | Tinstall | Tcheck | Ttotal | Status | Flags |
---|---|---|---|---|---|---|
r-devel-linux-x86_64-debian-clang | 0.2.2 | 13.82 | 106.84 | 120.66 | NOTE | |
r-devel-linux-x86_64-debian-gcc | 0.2.2 | 9.37 | 77.59 | 86.96 | NOTE | |
r-devel-linux-x86_64-fedora-clang | 0.2.2 | 175.13 | OK | |||
r-devel-linux-x86_64-fedora-gcc | 0.2.2 | 177.58 | OK | |||
r-devel-windows-x86_64 | 0.2.2 | 14.00 | 104.00 | 118.00 | OK | |
r-patched-linux-x86_64 | 0.2.2 | 13.90 | 101.13 | 115.03 | OK | |
r-release-linux-x86_64 | 0.2.2 | 12.68 | 100.18 | 112.86 | OK | |
r-release-macos-arm64 | 0.2.2 | 50.00 | OK | |||
r-release-macos-x86_64 | 0.2.2 | 98.00 | OK | |||
r-release-windows-x86_64 | 0.2.2 | 14.00 | 106.00 | 120.00 | OK | |
r-oldrel-macos-arm64 | 0.2.2 | 51.00 | NOTE | |||
r-oldrel-macos-x86_64 | 0.2.2 | 71.00 | NOTE | |||
r-oldrel-windows-x86_64 | 0.2.2 | 18.00 | 132.00 | 150.00 | NOTE |
Version: 0.2.2
Check: CRAN incoming feasibility
Result: NOTE
Maintainer: ‘Siddharth R <r.siddharthcse@gmail.com>’
No Authors@R field in DESCRIPTION.
Please add one, modifying
Authors@R: c(person(given = "Aghila",
family = "G",
role = "aut"),
person(given = "Siddharth",
family = "R",
role = c("aut", "cre"),
email = "r.siddharthcse@gmail.com"))
as necessary.
Flavors: r-devel-linux-x86_64-debian-clang, r-devel-linux-x86_64-debian-gcc
Version: 0.2.2
Check: LazyData
Result: NOTE
'LazyData' is specified without a 'data' directory
Flavors: r-oldrel-macos-arm64, r-oldrel-macos-x86_64, r-oldrel-windows-x86_64