Last updated on 2025-05-04 03:51:03 CEST.
Flavor | Version | Tinstall | Tcheck | Ttotal | Status | Flags |
---|---|---|---|---|---|---|
r-devel-linux-x86_64-debian-clang | 0.6.6 | 3.24 | 40.61 | 43.85 | NOTE | |
r-devel-linux-x86_64-debian-gcc | 0.6.6 | 2.45 | 29.67 | 32.12 | NOTE | |
r-devel-linux-x86_64-fedora-clang | 0.6.6 | 69.65 | OK | |||
r-devel-linux-x86_64-fedora-gcc | 0.6.6 | 81.18 | OK | |||
r-devel-windows-x86_64 | 0.6.6 | 6.00 | 77.00 | 83.00 | OK | |
r-patched-linux-x86_64 | 0.6.6 | 3.04 | 37.96 | 41.00 | OK | |
r-release-linux-x86_64 | OK | |||||
r-release-macos-arm64 | 0.6.6 | 27.00 | OK | |||
r-release-macos-x86_64 | 0.6.6 | 61.00 | OK | |||
r-release-windows-x86_64 | 0.6.6 | 7.00 | 76.00 | 83.00 | OK | |
r-oldrel-macos-arm64 | 0.6.6 | 34.00 | OK | |||
r-oldrel-macos-x86_64 | 0.6.6 | 63.00 | OK | |||
r-oldrel-windows-x86_64 | 0.6.6 | 6.00 | 81.00 | 87.00 | OK |
Version: 0.6.6
Check: CRAN incoming feasibility
Result: NOTE
Maintainer: ‘Vasyl Pihur <vpihur@gmail.com>’
No Authors@R field in DESCRIPTION.
Please add one, modifying
Authors@R: c(person(given = "Vasyl",
family = "Pihur",
role = c("aut", "cre"),
email = "vpihur@gmail.com"),
person(given = "Somnath",
family = "Datta",
role = "aut",
email = "somnath.datta@louisville.edu"),
person(given = "Susmita",
family = "Datta",
role = "aut",
email = "susmita.datta@louisville.edu"))
as necessary.
Flavors: r-devel-linux-x86_64-debian-clang, r-devel-linux-x86_64-debian-gcc