Last updated on 2025-05-04 03:51:03 CEST.
Flavor | Version | Tinstall | Tcheck | Ttotal | Status | Flags |
---|---|---|---|---|---|---|
r-devel-linux-x86_64-debian-clang | 1.3-8 | 3.99 | 26.84 | 30.83 | NOTE | |
r-devel-linux-x86_64-debian-gcc | 1.3-8 | 3.08 | 21.92 | 25.00 | NOTE | |
r-devel-linux-x86_64-fedora-clang | 1.3-8 | 49.78 | OK | |||
r-devel-linux-x86_64-fedora-gcc | 1.3-8 | 46.78 | OK | |||
r-devel-windows-x86_64 | 1.3-8 | 5.00 | 48.00 | 53.00 | OK | |
r-patched-linux-x86_64 | 1.3-8 | 4.50 | 26.04 | 30.54 | OK | |
r-release-linux-x86_64 | OK | |||||
r-release-macos-arm64 | 1.3-8 | 21.00 | OK | |||
r-release-macos-x86_64 | 1.3-8 | 33.00 | OK | |||
r-release-windows-x86_64 | 1.3-8 | 5.00 | 48.00 | 53.00 | OK | |
r-oldrel-macos-arm64 | 1.3-8 | 18.00 | OK | |||
r-oldrel-macos-x86_64 | 1.3-8 | 27.00 | OK | |||
r-oldrel-windows-x86_64 | 1.3-8 | 6.00 | 47.00 | 53.00 | OK |
Version: 1.3-8
Check: CRAN incoming feasibility
Result: NOTE
Maintainer: ‘Boris Leroy <leroy.boris@gmail.com>’
No Authors@R field in DESCRIPTION.
Please add one, modifying
Authors@R: person(given = "Boris",
family = "Leroy",
role = c("aut", "cre"),
email = "leroy.boris@gmail.com")
as necessary.
Flavors: r-devel-linux-x86_64-debian-clang, r-devel-linux-x86_64-debian-gcc