Last updated on 2025-05-04 03:51:03 CEST.
Flavor | Version | Tinstall | Tcheck | Ttotal | Status | Flags |
---|---|---|---|---|---|---|
r-devel-linux-x86_64-debian-clang | 1.0.1 | 57.04 | 58.33 | 115.37 | NOTE | |
r-devel-linux-x86_64-debian-gcc | 1.0.1 | 46.35 | 39.89 | 86.24 | NOTE | |
r-devel-linux-x86_64-fedora-clang | 1.0.1 | 176.75 | NOTE | |||
r-devel-linux-x86_64-fedora-gcc | 1.0.1 | 221.67 | NOTE | |||
r-devel-windows-x86_64 | 1.0.1 | 109.00 | 81.00 | 190.00 | NOTE | |
r-patched-linux-x86_64 | 1.0.1 | 67.49 | 52.66 | 120.15 | NOTE | |
r-release-linux-x86_64 | NOTE | |||||
r-release-macos-arm64 | 1.0.1 | 45.00 | NOTE | |||
r-release-macos-x86_64 | 1.0.1 | 85.00 | NOTE | |||
r-release-windows-x86_64 | 1.0.1 | 108.00 | 82.00 | 190.00 | NOTE | |
r-oldrel-macos-arm64 | 1.0.1 | 45.00 | OK | |||
r-oldrel-macos-x86_64 | 1.0.1 | 97.00 | OK | |||
r-oldrel-windows-x86_64 | 1.0.1 | 108.00 | 84.00 | 192.00 | OK |
Version: 1.0.1
Check: compiled code
Result: NOTE
File ‘Rbeast/libs/Rbeast.so’:
Found non-API call to R: ‘OBJECT’
Compiled code should not call non-API entry points in R.
See ‘Writing portable packages’ in the ‘Writing R Extensions’ manual,
and section ‘Moving into C API compliance’ for issues with the use of
non-API entry points.
Flavors: r-devel-linux-x86_64-debian-clang, r-devel-linux-x86_64-debian-gcc, r-devel-linux-x86_64-fedora-clang, r-devel-linux-x86_64-fedora-gcc, r-patched-linux-x86_64, r-release-linux-x86_64, r-release-macos-arm64, r-release-macos-x86_64
Version: 1.0.1
Check: compiled code
Result: NOTE
File 'Rbeast/libs/x64/Rbeast.dll':
Found non-API call to R: 'OBJECT'
Compiled code should not call non-API entry points in R.
See 'Writing portable packages' in the 'Writing R Extensions' manual,
and section 'Moving into C API compliance' for issues with the use of
non-API entry points.
Flavors: r-devel-windows-x86_64, r-release-windows-x86_64