Last updated on 2025-05-04 03:51:03 CEST.
Flavor | Version | Tinstall | Tcheck | Ttotal | Status | Flags |
---|---|---|---|---|---|---|
r-devel-linux-x86_64-debian-clang | 0.1.1 | 6.53 | 44.77 | 51.30 | NOTE | |
r-devel-linux-x86_64-debian-gcc | 0.1.1 | 4.44 | 31.67 | 36.11 | NOTE | |
r-devel-linux-x86_64-fedora-clang | 0.1.1 | 69.41 | NOTE | |||
r-devel-linux-x86_64-fedora-gcc | 0.1.1 | 68.65 | NOTE | |||
r-devel-windows-x86_64 | 0.1.1 | 8.00 | 58.00 | 66.00 | NOTE | |
r-patched-linux-x86_64 | 0.1.1 | 6.35 | 36.71 | 43.06 | NOTE | |
r-release-linux-x86_64 | NOTE | |||||
r-release-macos-arm64 | 0.1.1 | 25.00 | NOTE | |||
r-release-macos-x86_64 | 0.1.1 | 40.00 | NOTE | |||
r-release-windows-x86_64 | 0.1.1 | 7.00 | 57.00 | 64.00 | NOTE | |
r-oldrel-macos-arm64 | 0.1.1 | 25.00 | NOTE | |||
r-oldrel-macos-x86_64 | 0.1.1 | 36.00 | NOTE | |||
r-oldrel-windows-x86_64 | 0.1.1 | 10.00 | 65.00 | 75.00 | NOTE |
Version: 0.1.1
Check: CRAN incoming feasibility
Result: NOTE
Maintainer: ‘Bruno Melo <ctbrunomelo@gmail.com>’
No Authors@R field in DESCRIPTION.
Please add one, modifying
Authors@R: c(person(given = c("Bruno", "M.", "S.", "S."),
family = "Melo",
role = "aut"),
person(given = "Bruno",
family = "Melo",
role = "cre",
email = "ctbrunomelo@gmail.com"))
as necessary.
Flavors: r-devel-linux-x86_64-debian-clang, r-devel-linux-x86_64-debian-gcc
Version: 0.1.1
Check: Rd files
Result: NOTE
checkRd: (-1) contratos.Rd:23: Lost braces in \itemize; meant \describe ?
checkRd: (-1) contratos.Rd:24: Lost braces in \itemize; meant \describe ?
checkRd: (-1) contratos.Rd:25: Lost braces in \itemize; meant \describe ?
checkRd: (-1) contratos.Rd:26: Lost braces in \itemize; meant \describe ?
checkRd: (-1) contratos.Rd:27: Lost braces in \itemize; meant \describe ?
checkRd: (-1) contratos.Rd:28: Lost braces in \itemize; meant \describe ?
checkRd: (-1) contratos.Rd:29: Lost braces in \itemize; meant \describe ?
checkRd: (-1) contratos.Rd:30: Lost braces in \itemize; meant \describe ?
checkRd: (-1) contratos.Rd:31: Lost braces in \itemize; meant \describe ?
checkRd: (-1) contratos.Rd:32: Lost braces in \itemize; meant \describe ?
checkRd: (-1) contratos.Rd:33: Lost braces in \itemize; meant \describe ?
checkRd: (-1) contratos.Rd:34: Lost braces in \itemize; meant \describe ?
checkRd: (-1) contratos.Rd:35: Lost braces in \itemize; meant \describe ?
checkRd: (-1) contratos.Rd:36: Lost braces in \itemize; meant \describe ?
checkRd: (-1) contratos.Rd:37: Lost braces in \itemize; meant \describe ?
checkRd: (-1) licitacoes.Rd:21: Lost braces in \itemize; meant \describe ?
checkRd: (-1) licitacoes.Rd:22: Lost braces in \itemize; meant \describe ?
checkRd: (-1) licitacoes.Rd:23: Lost braces in \itemize; meant \describe ?
checkRd: (-1) licitacoes.Rd:24: Lost braces in \itemize; meant \describe ?
checkRd: (-1) licitacoes.Rd:25: Lost braces in \itemize; meant \describe ?
checkRd: (-1) licitacoes.Rd:26: Lost braces in \itemize; meant \describe ?
checkRd: (-1) licitacoes.Rd:27: Lost braces in \itemize; meant \describe ?
checkRd: (-1) licitacoes.Rd:28: Lost braces in \itemize; meant \describe ?
checkRd: (-1) licitacoes.Rd:29: Lost braces in \itemize; meant \describe ?
checkRd: (-1) licitacoes.Rd:30: Lost braces in \itemize; meant \describe ?
checkRd: (-1) part_lic.Rd:23: Lost braces in \itemize; meant \describe ?
checkRd: (-1) part_lic.Rd:24: Lost braces in \itemize; meant \describe ?
checkRd: (-1) part_lic.Rd:25: Lost braces in \itemize; meant \describe ?
checkRd: (-1) part_lic.Rd:26: Lost braces in \itemize; meant \describe ?
checkRd: (-1) part_lic.Rd:27: Lost braces in \itemize; meant \describe ?
checkRd: (-1) part_lic.Rd:28: Lost braces in \itemize; meant \describe ?
checkRd: (-1) part_lic.Rd:29: Lost braces in \itemize; meant \describe ?
checkRd: (-1) part_lic.Rd:30: Lost braces in \itemize; meant \describe ?
checkRd: (-1) part_lic.Rd:31: Lost braces in \itemize; meant \describe ?
checkRd: (-1) part_lic.Rd:32: Lost braces in \itemize; meant \describe ?
checkRd: (-1) part_lic.Rd:33: Lost braces in \itemize; meant \describe ?
checkRd: (-1) part_lic.Rd:34: Lost braces in \itemize; meant \describe ?
checkRd: (-1) part_lic.Rd:35: Lost braces in \itemize; meant \describe ?
Flavors: r-devel-linux-x86_64-debian-clang, r-devel-linux-x86_64-debian-gcc, r-devel-linux-x86_64-fedora-clang, r-devel-linux-x86_64-fedora-gcc, r-devel-windows-x86_64, r-patched-linux-x86_64, r-release-linux-x86_64, r-release-macos-arm64, r-release-macos-x86_64, r-release-windows-x86_64, r-oldrel-macos-arm64, r-oldrel-macos-x86_64, r-oldrel-windows-x86_64