CRAN Package Check Results for Package RcmdrPlugin.BiclustGUI

Last updated on 2025-05-06 03:51:12 CEST.

Flavor Version Tinstall Tcheck Ttotal Status Flags
r-devel-linux-x86_64-debian-clang 1.1.3.1 53.86 405.37 459.23 NOTE
r-devel-linux-x86_64-debian-gcc 1.1.3.1 36.00 300.72 336.72 NOTE
r-devel-linux-x86_64-fedora-clang 1.1.3.1 793.32 OK
r-devel-linux-x86_64-fedora-gcc 1.1.3.1 776.16 OK
r-devel-windows-x86_64 1.1.3.1 61.00 483.00 544.00 NOTE
r-patched-linux-x86_64 1.1.3.1 50.69 388.32 439.01 NOTE
r-release-linux-x86_64 1.1.3.1 48.70 387.79 436.49 NOTE
r-release-macos-arm64 1.1.3.1 247.00 OK
r-release-macos-x86_64 1.1.3.1 420.00 OK
r-release-windows-x86_64 1.1.3.1 58.00 423.00 481.00 NOTE
r-oldrel-macos-arm64 1.1.3.1 241.00 NOTE
r-oldrel-macos-x86_64 1.1.3.1 323.00 NOTE
r-oldrel-windows-x86_64 1.1.3.1 64.00 418.00 482.00 NOTE

Check Details

Version: 1.1.3.1
Check: CRAN incoming feasibility
Result: NOTE Maintainer: ‘De Troyer Ewoud <ewoud.detroyer@uhasselt.be>’ No Authors@R field in DESCRIPTION. Please add one, modifying Authors@R: c(person(given = c("De", "Troyer"), family = "Ewoud", role = c("aut", "cre"), email = "ewoud.detroyer@uhasselt.be"), person(given = "Otava", family = "Martin", role = "aut")) as necessary. Flavors: r-devel-linux-x86_64-debian-clang, r-devel-linux-x86_64-debian-gcc

Version: 1.1.3.1
Check: Rd cross-references
Result: NOTE Found the following Rd file(s) with Rd \link{} targets missing package anchors: BiclustGUI.Rd: biclust, fabia, iBBiG, BicARE, superbiclust, BcDiag-package Please provide package anchors for all Rd \link{} targets not in the package itself and the base packages. Flavors: r-devel-linux-x86_64-debian-clang, r-devel-linux-x86_64-debian-gcc, r-devel-windows-x86_64, r-patched-linux-x86_64, r-release-linux-x86_64, r-release-windows-x86_64

Version: 1.1.3.1
Check: package dependencies
Result: NOTE Depends: includes the non-default packages: 'biclust', 'fabia', 'iBBiG', 'superbiclust', 'BcDiag', 'BicARE', 's4vd', 'BiBitR' Adding so many packages to the search path is excessive and importing selectively is preferable. Flavors: r-oldrel-macos-arm64, r-oldrel-macos-x86_64, r-oldrel-windows-x86_64