Last updated on 2025-05-04 03:51:04 CEST.
Flavor | Version | Tinstall | Tcheck | Ttotal | Status | Flags |
---|---|---|---|---|---|---|
r-devel-linux-x86_64-debian-clang | 0.4-1 | 39.87 | 186.88 | 226.75 | NOTE | |
r-devel-linux-x86_64-debian-gcc | 0.4-1 | 26.79 | 115.02 | 141.81 | NOTE | |
r-devel-linux-x86_64-fedora-clang | 0.4-1 | 362.00 | NOTE | |||
r-devel-linux-x86_64-fedora-gcc | 0.4-1 | 363.89 | NOTE | |||
r-devel-windows-x86_64 | 0.4-1 | 39.00 | 167.00 | 206.00 | NOTE | |
r-patched-linux-x86_64 | 0.4-1 | 35.15 | 177.02 | 212.17 | NOTE | |
r-release-linux-x86_64 | NOTE | |||||
r-release-macos-arm64 | 0.4-1 | 64.00 | NOTE | |||
r-release-macos-x86_64 | 0.4-1 | 138.00 | NOTE | |||
r-release-windows-x86_64 | 0.4-1 | 38.00 | 159.00 | 197.00 | NOTE | |
r-oldrel-macos-arm64 | 0.4-1 | 65.00 | NOTE | |||
r-oldrel-macos-x86_64 | 0.4-1 | 117.00 | NOTE | |||
r-oldrel-windows-x86_64 | 0.4-1 | 51.00 | 225.00 | 276.00 | NOTE |
Version: 0.4-1
Check: C++ specification
Result: NOTE
Specified C++11: please drop specification unless essential
Flavors: r-devel-linux-x86_64-debian-clang, r-devel-linux-x86_64-debian-gcc, r-devel-linux-x86_64-fedora-clang, r-devel-linux-x86_64-fedora-gcc, r-devel-windows-x86_64, r-patched-linux-x86_64, r-release-linux-x86_64, r-release-macos-arm64, r-release-macos-x86_64, r-release-windows-x86_64, r-oldrel-macos-arm64, r-oldrel-macos-x86_64, r-oldrel-windows-x86_64
Version: 0.4-1
Check: Rd cross-references
Result: NOTE
Found the following Rd file(s) with Rd \link{} targets missing package
anchors:
parameters.Rd: crop
spatial.Rd: writeRaster
Please provide package anchors for all Rd \link{} targets not in the
package itself and the base packages.
Flavors: r-devel-linux-x86_64-debian-clang, r-devel-linux-x86_64-debian-gcc, r-devel-windows-x86_64, r-patched-linux-x86_64, r-release-linux-x86_64, r-release-windows-x86_64