Last updated on 2025-05-07 03:51:11 CEST.
Flavor | Version | Tinstall | Tcheck | Ttotal | Status | Flags |
---|---|---|---|---|---|---|
r-devel-linux-x86_64-debian-clang | 3.0.9 | 2.39 | 22.29 | 24.68 | NOTE | |
r-devel-linux-x86_64-debian-gcc | 3.0.9 | 1.96 | 19.03 | 20.99 | NOTE | |
r-devel-linux-x86_64-fedora-clang | 3.0.9 | 37.71 | OK | |||
r-devel-linux-x86_64-fedora-gcc | 3.0.9 | 38.07 | OK | |||
r-devel-windows-x86_64 | 3.0.9 | 3.00 | 48.00 | 51.00 | OK | |
r-patched-linux-x86_64 | 3.0.9 | 2.50 | 20.78 | 23.28 | OK | |
r-release-linux-x86_64 | 3.0.9 | 2.20 | 20.66 | 22.86 | OK | |
r-release-macos-arm64 | 3.0.9 | 15.00 | OK | |||
r-release-macos-x86_64 | 3.0.9 | 25.00 | OK | |||
r-release-windows-x86_64 | 3.0.9 | 3.00 | 48.00 | 51.00 | OK | |
r-oldrel-macos-arm64 | 3.0.9 | 16.00 | OK | |||
r-oldrel-macos-x86_64 | 3.0.9 | 23.00 | OK | |||
r-oldrel-windows-x86_64 | 3.0.9 | 3.00 | 50.00 | 53.00 | OK |
Version: 3.0.9
Check: CRAN incoming feasibility
Result: NOTE
Maintainer: ‘Ivan Rivera <ivan.s.rivera@gmail.com>’
No Authors@R field in DESCRIPTION.
Please add one, modifying
Authors@R: person(given = "Ivan",
family = "Rivera",
role = c("aut", "cre"),
email = "ivan.s.rivera@gmail.com")
as necessary.
Flavors: r-devel-linux-x86_64-debian-clang, r-devel-linux-x86_64-debian-gcc