Last updated on 2025-10-31 02:50:41 CET.
| Flavor | Version | Tinstall | Tcheck | Ttotal | Status | Flags | 
|---|---|---|---|---|---|---|
| r-devel-linux-x86_64-debian-clang | 0.1.2 | 3.84 | 35.93 | 39.77 | OK | |
| r-devel-linux-x86_64-debian-gcc | 0.1.2 | 2.79 | 26.33 | 29.12 | OK | |
| r-devel-linux-x86_64-fedora-clang | 0.1.2 | 10.00 | 49.91 | 59.91 | NOTE | |
| r-devel-linux-x86_64-fedora-gcc | 0.1.2 | 55.49 | NOTE | |||
| r-devel-windows-x86_64 | 0.1.2 | 5.00 | 49.00 | 54.00 | OK | |
| r-patched-linux-x86_64 | 0.1.2 | 3.31 | 33.05 | 36.36 | OK | |
| r-release-linux-x86_64 | 0.1.2 | 3.62 | 33.44 | 37.06 | OK | |
| r-release-macos-arm64 | 0.1.2 | 2.00 | 20.00 | 22.00 | OK | |
| r-release-macos-x86_64 | 0.1.2 | 3.00 | 35.00 | 38.00 | OK | |
| r-release-windows-x86_64 | 0.1.2 | 6.00 | 51.00 | 57.00 | OK | |
| r-oldrel-macos-arm64 | 0.1.2 | 2.00 | 25.00 | 27.00 | OK | |
| r-oldrel-macos-x86_64 | 0.1.2 | 4.00 | 38.00 | 42.00 | OK | |
| r-oldrel-windows-x86_64 | 0.1.2 | 7.00 | 58.00 | 65.00 | OK | 
Version: 0.1.2
Check: dependencies in R code
Result: NOTE
  Namespace in Imports field not imported from: ‘tidyselect’
    All declared Imports should be used.
Flavors: r-devel-linux-x86_64-fedora-clang, r-devel-linux-x86_64-fedora-gcc