CRAN Package Check Results for Package Rfit

Last updated on 2025-07-25 03:51:34 CEST.

Flavor Version Tinstall Tcheck Ttotal Status Flags
r-devel-linux-x86_64-debian-clang 0.27.0 4.22 30.67 34.89 NOTE
r-devel-linux-x86_64-debian-gcc 0.27.0 3.20 23.51 26.71 NOTE
r-devel-linux-x86_64-fedora-clang 0.27.0 53.29 OK
r-devel-linux-x86_64-fedora-gcc 0.27.0 50.50 OK
r-devel-windows-x86_64 0.27.0 9.00 57.00 66.00 OK
r-patched-linux-x86_64 0.27.0 4.38 28.86 33.24 OK
r-release-linux-x86_64 0.27.0 3.79 28.65 32.44 OK
r-release-macos-arm64 0.27.0 20.00 OK
r-release-macos-x86_64 0.27.0 37.00 OK
r-release-windows-x86_64 0.27.0 9.00 59.00 68.00 OK
r-oldrel-macos-arm64 0.27.0 26.00 OK
r-oldrel-macos-x86_64 0.27.0 31.00 OK
r-oldrel-windows-x86_64 0.27.0 10.00 64.00 74.00 OK

Check Details

Version: 0.27.0
Check: CRAN incoming feasibility
Result: NOTE Maintainer: ‘John Kloke <johndkloke@gmail.com>’ No Authors@R field in DESCRIPTION. Please add one, modifying Authors@R: c(person(given = "John", family = "Kloke", role = c("aut", "cre"), email = "johndkloke@gmail.com"), person(given = "Joseph", family = "McKean", role = "aut")) as necessary. Flavors: r-devel-linux-x86_64-debian-clang, r-devel-linux-x86_64-debian-gcc