Last updated on 2025-05-04 03:51:04 CEST.
Flavor | Version | Tinstall | Tcheck | Ttotal | Status | Flags |
---|---|---|---|---|---|---|
r-devel-linux-x86_64-debian-clang | 1.1.4 | 6.04 | 44.96 | 51.00 | NOTE | |
r-devel-linux-x86_64-debian-gcc | 1.1.4 | 3.81 | 31.39 | 35.20 | NOTE | |
r-devel-linux-x86_64-fedora-clang | 1.1.4 | 80.57 | OK | |||
r-devel-linux-x86_64-fedora-gcc | 1.1.4 | 77.55 | OK | |||
r-devel-windows-x86_64 | 1.1.4 | 7.00 | 70.00 | 77.00 | OK | |
r-patched-linux-x86_64 | 1.1.4 | 5.98 | 42.83 | 48.81 | OK | |
r-release-linux-x86_64 | OK | |||||
r-release-macos-arm64 | 1.1.4 | 30.00 | OK | |||
r-release-macos-x86_64 | 1.1.4 | 57.00 | OK | |||
r-release-windows-x86_64 | 1.1.4 | 8.00 | 61.00 | 69.00 | OK | |
r-oldrel-macos-arm64 | 1.1.4 | 24.00 | OK | |||
r-oldrel-macos-x86_64 | 1.1.4 | 38.00 | OK | |||
r-oldrel-windows-x86_64 | 1.1.4 | 8.00 | 73.00 | 81.00 | OK |
Version: 1.1.4
Check: CRAN incoming feasibility
Result: NOTE
Maintainer: ‘Joseph Kelly <josephkelly@post.harvard.edu>’
No Authors@R field in DESCRIPTION.
Please add one, modifying
Authors@R: c(person(given = "Joseph",
family = "Kelly",
role = c("aut", "cre"),
email = "josephkelly@post.harvard.edu"),
person(given = "Hyungsuk",
family = "Tak",
role = "aut"),
person(given = "Carl",
family = "Morris",
role = "aut"))
as necessary.
Flavors: r-devel-linux-x86_64-debian-clang, r-devel-linux-x86_64-debian-gcc