CRAN Package Check Results for Package RgoogleMaps

Last updated on 2025-05-04 03:51:04 CEST.

Flavor Version Tinstall Tcheck Ttotal Status Flags
r-devel-linux-x86_64-debian-clang 1.5.1 3.50 35.26 38.76 NOTE
r-devel-linux-x86_64-debian-gcc 1.5.1 2.60 26.93 29.53 NOTE
r-devel-linux-x86_64-fedora-clang 1.5.1 60.16 OK
r-devel-linux-x86_64-fedora-gcc 1.5.1 58.20 OK
r-devel-windows-x86_64 1.5.1 5.00 59.00 64.00 NOTE
r-patched-linux-x86_64 1.5.1 4.02 34.01 38.03 NOTE
r-release-linux-x86_64 NOTE
r-release-macos-arm64 1.5.1 35.00 OK
r-release-macos-x86_64 1.5.1 39.00 OK
r-release-windows-x86_64 1.5.1 4.00 59.00 63.00 NOTE
r-oldrel-macos-arm64 1.5.1 30.00 OK
r-oldrel-macos-x86_64 1.5.1 42.00 OK
r-oldrel-windows-x86_64 1.5.1 7.00 67.00 74.00 OK

Check Details

Version: 1.5.1
Check: CRAN incoming feasibility
Result: NOTE Maintainer: ‘Markus Loecher <markus.loecher@gmail.com>’ No Authors@R field in DESCRIPTION. Please add one, modifying Authors@R: person(given = "Markus", family = "Loecher", role = c("aut", "cre"), email = "markus.loecher@gmail.com") as necessary. Flavors: r-devel-linux-x86_64-debian-clang, r-devel-linux-x86_64-debian-gcc

Version: 1.5.1
Check: Rd cross-references
Result: NOTE Found the following Rd file(s) with Rd \link{} targets missing package anchors: ReadMapTile.Rd: readPNG Please provide package anchors for all Rd \link{} targets not in the package itself and the base packages. Flavors: r-devel-linux-x86_64-debian-clang, r-devel-linux-x86_64-debian-gcc, r-devel-windows-x86_64, r-patched-linux-x86_64, r-release-linux-x86_64, r-release-windows-x86_64