CRAN Package Check Results for Package Rnightly

Last updated on 2025-05-06 03:51:14 CEST.

Flavor Version Tinstall Tcheck Ttotal Status Flags
r-devel-linux-x86_64-debian-clang 0.1.0 1.63 18.24 19.87 NOTE
r-devel-linux-x86_64-debian-gcc 0.1.0 1.39 15.16 16.55 NOTE
r-devel-linux-x86_64-fedora-clang 0.1.0 30.10 OK
r-devel-linux-x86_64-fedora-gcc 0.1.0 28.52 OK
r-devel-windows-x86_64 0.1.0 3.00 42.00 45.00 OK
r-patched-linux-x86_64 0.1.0 1.77 16.73 18.50 OK
r-release-linux-x86_64 0.1.0 1.45 16.68 18.13 OK
r-release-macos-arm64 0.1.0 17.00 OK
r-release-macos-x86_64 0.1.0 25.00 OK
r-release-windows-x86_64 0.1.0 3.00 43.00 46.00 OK
r-oldrel-macos-arm64 0.1.0 15.00 NOTE
r-oldrel-macos-x86_64 0.1.0 22.00 NOTE
r-oldrel-windows-x86_64 0.1.0 4.00 47.00 51.00 NOTE

Check Details

Version: 0.1.0
Check: CRAN incoming feasibility
Result: NOTE Maintainer: ‘Mohamed El Fodil Ihaddaden <ihaddaden.fodeil@gmail.com>’ No Authors@R field in DESCRIPTION. Please add one, modifying Authors@R: person(given = c("Mohamed", "El", "Fodil"), family = "Ihaddaden", role = c("aut", "cre"), email = "ihaddaden.fodeil@gmail.com") as necessary. Flavors: r-devel-linux-x86_64-debian-clang, r-devel-linux-x86_64-debian-gcc

Version: 0.1.0
Check: LazyData
Result: NOTE 'LazyData' is specified without a 'data' directory Flavors: r-oldrel-macos-arm64, r-oldrel-macos-x86_64, r-oldrel-windows-x86_64