Last updated on 2025-07-26 03:50:01 CEST.
Flavor | Version | Tinstall | Tcheck | Ttotal | Status | Flags |
---|---|---|---|---|---|---|
r-devel-linux-x86_64-debian-clang | 2.3.4 | 6.92 | 54.55 | 61.47 | NOTE | |
r-devel-linux-x86_64-debian-gcc | 2.3.4 | 5.20 | 43.90 | 49.10 | NOTE | |
r-devel-linux-x86_64-fedora-clang | 2.3.4 | 96.28 | OK | |||
r-devel-linux-x86_64-fedora-gcc | 2.3.4 | 93.39 | OK | |||
r-devel-windows-x86_64 | 2.3.4 | 9.00 | 85.00 | 94.00 | NOTE | |
r-patched-linux-x86_64 | 2.3.4 | 7.26 | 53.38 | 60.64 | NOTE | |
r-release-linux-x86_64 | 2.3.4 | 5.49 | 52.30 | 57.79 | NOTE | |
r-release-macos-arm64 | 2.3.4 | 32.00 | OK | |||
r-release-macos-x86_64 | 2.3.4 | 52.00 | OK | |||
r-release-windows-x86_64 | 2.3.4 | 9.00 | 87.00 | 96.00 | NOTE | |
r-oldrel-macos-arm64 | 2.3.4 | 32.00 | OK | |||
r-oldrel-macos-x86_64 | 2.3.4 | 44.00 | OK | |||
r-oldrel-windows-x86_64 | 2.3.4 | 11.00 | 98.00 | 109.00 | OK |
Version: 2.3.4
Check: Rd cross-references
Result: NOTE
Found the following Rd file(s) with Rd \link{} targets missing package
anchors:
addLabels.Rd: text3d
Please provide package anchors for all Rd \link{} targets not in the
package itself and the base packages.
Flavors: r-devel-linux-x86_64-debian-clang, r-devel-linux-x86_64-debian-gcc, r-devel-windows-x86_64, r-patched-linux-x86_64, r-release-linux-x86_64, r-release-windows-x86_64