Last updated on 2025-05-06 03:51:14 CEST.
Flavor | Version | Tinstall | Tcheck | Ttotal | Status | Flags |
---|---|---|---|---|---|---|
r-devel-linux-x86_64-debian-clang | 0.1-3 | 7.15 | 20.11 | 27.26 | OK | |
r-devel-linux-x86_64-debian-gcc | 0.1-3 | 4.43 | 16.17 | 20.60 | OK | |
r-devel-linux-x86_64-fedora-clang | 0.1-3 | 42.46 | OK | |||
r-devel-linux-x86_64-fedora-gcc | 0.1-3 | 41.47 | OK | |||
r-devel-windows-x86_64 | 0.1-3 | 40.00 | 175.00 | 215.00 | OK | |
r-patched-linux-x86_64 | 0.1-3 | 5.24 | 19.03 | 24.27 | OK | |
r-release-linux-x86_64 | 0.1-3 | 5.15 | 19.13 | 24.28 | OK | |
r-release-macos-arm64 | 0.1-3 | 21.00 | OK | |||
r-release-macos-x86_64 | 0.1-3 | 38.00 | OK | |||
r-release-windows-x86_64 | 0.1-3 | 42.00 | 171.00 | 213.00 | OK | |
r-oldrel-macos-arm64 | 0.1-3 | 26.00 | NOTE | |||
r-oldrel-macos-x86_64 | 0.1-3 | 55.00 | NOTE | |||
r-oldrel-windows-x86_64 | 0.1-3 | 46.00 | 160.00 | 206.00 | NOTE |
Version: 0.1-3
Check: installed package size
Result: NOTE
installed size is 49.3Mb
sub-directories of 1Mb or more:
libs 49.2Mb
Flavors: r-oldrel-macos-arm64, r-oldrel-macos-x86_64, r-oldrel-windows-x86_64