Last updated on 2025-05-04 03:51:05 CEST.
Flavor | Version | Tinstall | Tcheck | Ttotal | Status | Flags |
---|---|---|---|---|---|---|
r-devel-linux-x86_64-debian-clang | 1.0.7 | 2.87 | 25.72 | 28.59 | NOTE | |
r-devel-linux-x86_64-debian-gcc | 1.0.7 | 2.07 | 20.08 | 22.15 | NOTE | |
r-devel-linux-x86_64-fedora-clang | 1.0.7 | 40.96 | OK | |||
r-devel-linux-x86_64-fedora-gcc | 1.0.7 | 39.54 | OK | |||
r-devel-windows-x86_64 | 1.0.7 | 5.00 | 47.00 | 52.00 | OK | |
r-patched-linux-x86_64 | 1.0.7 | 2.71 | 23.63 | 26.34 | OK | |
r-release-linux-x86_64 | OK | |||||
r-release-macos-arm64 | 1.0.7 | 25.00 | OK | |||
r-release-macos-x86_64 | 1.0.7 | 37.00 | OK | |||
r-release-windows-x86_64 | 1.0.7 | 5.00 | 47.00 | 52.00 | OK | |
r-oldrel-macos-arm64 | 1.0.7 | 25.00 | OK | |||
r-oldrel-macos-x86_64 | 1.0.7 | 29.00 | OK | |||
r-oldrel-windows-x86_64 | 1.0.7 | 5.00 | 51.00 | 56.00 | OK |
Version: 1.0.7
Check: CRAN incoming feasibility
Result: NOTE
Maintainer: ‘Brad Cable <brad@bcable.net>’
No Authors@R field in DESCRIPTION.
Please add one, modifying
Authors@R: person(given = "Brad",
family = "Cable",
role = c("aut", "cre"),
email = "brad@bcable.net")
as necessary.
Flavors: r-devel-linux-x86_64-debian-clang, r-devel-linux-x86_64-debian-gcc