Last updated on 2025-10-31 02:50:42 CET.
| Flavor | Version | Tinstall | Tcheck | Ttotal | Status | Flags | 
|---|---|---|---|---|---|---|
| r-devel-linux-x86_64-debian-clang | 0.9.0 | 2.12 | 71.87 | 73.99 | NOTE | |
| r-devel-linux-x86_64-debian-gcc | 0.9.0 | 1.71 | 63.56 | 65.27 | NOTE | |
| r-devel-linux-x86_64-fedora-clang | 0.9.0 | 107.40 | OK | |||
| r-devel-linux-x86_64-fedora-gcc | 0.9.0 | 123.12 | OK | |||
| r-devel-windows-x86_64 | 0.9.0 | 3.00 | 100.00 | 103.00 | OK | |
| r-patched-linux-x86_64 | 0.9.0 | 2.51 | 70.00 | 72.51 | OK | |
| r-release-linux-x86_64 | 0.9.0 | 2.27 | 69.38 | 71.65 | OK | |
| r-release-macos-arm64 | 0.9.0 | 1.00 | 53.00 | 54.00 | OK | |
| r-release-macos-x86_64 | 0.9.0 | 2.00 | 83.00 | 85.00 | OK | |
| r-release-windows-x86_64 | 0.9.0 | 4.00 | 102.00 | 106.00 | OK | |
| r-oldrel-macos-arm64 | 0.9.0 | 1.00 | 52.00 | 53.00 | OK | |
| r-oldrel-macos-x86_64 | 0.9.0 | 2.00 | 77.00 | 79.00 | OK | |
| r-oldrel-windows-x86_64 | 0.9.0 | 5.00 | 118.00 | 123.00 | OK | 
Version: 0.9.0
Check: CRAN incoming feasibility
Result: NOTE
  Maintainer: ‘Alexander Rix <alexrix@umich.edu>’
  
  Found the following URLs which should use \doi (with the DOI name only):
    File ‘approxdist.Rd’:
      https://doi.org/10.1101/2019.12.26.19015859
    File ‘nonlogistic.Rd’:
      https://doi.org/10.1101/2019.12.26.19015859
    File ‘obsloglik.Rd’:
      https://doi.org/10.1101/2019.12.26.19015859
    File ‘obsloglikEM.Rd’:
      https://doi.org/10.1101/2019.12.26.19015859
    File ‘sensitivity.Rd’:
      https://doi.org/10.1101/2019.12.26.19015859
Flavors: r-devel-linux-x86_64-debian-clang, r-devel-linux-x86_64-debian-gcc