Last updated on 2025-05-06 03:51:15 CEST.
Flavor | Version | Tinstall | Tcheck | Ttotal | Status | Flags |
---|---|---|---|---|---|---|
r-devel-linux-x86_64-debian-clang | 0.9.0 | 2.16 | 69.80 | 71.96 | NOTE | |
r-devel-linux-x86_64-debian-gcc | 0.9.0 | 1.88 | 62.37 | 64.25 | NOTE | |
r-devel-linux-x86_64-fedora-clang | 0.9.0 | 105.28 | OK | |||
r-devel-linux-x86_64-fedora-gcc | 0.9.0 | 125.31 | OK | |||
r-devel-windows-x86_64 | 0.9.0 | 3.00 | 101.00 | 104.00 | OK | |
r-patched-linux-x86_64 | 0.9.0 | 2.36 | 66.05 | 68.41 | OK | |
r-release-linux-x86_64 | 0.9.0 | 2.58 | 66.46 | 69.04 | OK | |
r-release-macos-arm64 | 0.9.0 | 54.00 | OK | |||
r-release-macos-x86_64 | 0.9.0 | 85.00 | OK | |||
r-release-windows-x86_64 | 0.9.0 | 4.00 | 102.00 | 106.00 | OK | |
r-oldrel-macos-arm64 | 0.9.0 | 53.00 | OK | |||
r-oldrel-macos-x86_64 | 0.9.0 | 79.00 | OK | |||
r-oldrel-windows-x86_64 | 0.9.0 | 5.00 | 117.00 | 122.00 | OK |
Version: 0.9.0
Check: CRAN incoming feasibility
Result: NOTE
Maintainer: ‘Alexander Rix <alexrix@umich.edu>’
Found the following URLs which should use \doi (with the DOI name only):
File ‘approxdist.Rd’:
https://doi.org/10.1101/2019.12.26.19015859
File ‘nonlogistic.Rd’:
https://doi.org/10.1101/2019.12.26.19015859
File ‘obsloglik.Rd’:
https://doi.org/10.1101/2019.12.26.19015859
File ‘obsloglikEM.Rd’:
https://doi.org/10.1101/2019.12.26.19015859
File ‘sensitivity.Rd’:
https://doi.org/10.1101/2019.12.26.19015859
Flavors: r-devel-linux-x86_64-debian-clang, r-devel-linux-x86_64-debian-gcc