Last updated on 2025-05-04 03:51:05 CEST.
Flavor | Version | Tinstall | Tcheck | Ttotal | Status | Flags |
---|---|---|---|---|---|---|
r-devel-linux-x86_64-debian-clang | 1.0-4 | 1.61 | 33.01 | 34.62 | NOTE | |
r-devel-linux-x86_64-debian-gcc | 1.0-4 | 1.18 | 24.75 | 25.93 | NOTE | |
r-devel-linux-x86_64-fedora-clang | 1.0-4 | 53.99 | OK | |||
r-devel-linux-x86_64-fedora-gcc | 1.0-4 | 69.05 | OK | |||
r-devel-windows-x86_64 | 1.0-4 | 3.00 | 78.00 | 81.00 | OK | |
r-patched-linux-x86_64 | 1.0-4 | 1.96 | 31.07 | 33.03 | OK | |
r-release-linux-x86_64 | OK | |||||
r-release-macos-arm64 | 1.0-4 | 53.00 | OK | |||
r-release-macos-x86_64 | 1.0-4 | 55.00 | OK | |||
r-release-windows-x86_64 | 1.0-4 | 2.00 | 77.00 | 79.00 | OK | |
r-oldrel-macos-arm64 | 1.0-4 | 24.00 | OK | |||
r-oldrel-macos-x86_64 | 1.0-4 | 43.00 | OK | |||
r-oldrel-windows-x86_64 | 1.0-4 | 2.00 | 81.00 | 83.00 | OK |
Version: 1.0-4
Check: CRAN incoming feasibility
Result: NOTE
Maintainer: ‘Steven Walker <steve.walker@utoronto.ca>’
No Authors@R field in DESCRIPTION.
Please add one, modifying
Authors@R: c(person(given = c("Original", "by"),
family = "Littell",
role = "aut"),
person(family = "Milliken",
role = "aut"),
person(family = "Stroup",
role = "aut"),
person(family = "Wolfinger",
role = "aut"),
person(given = c("modifications", "by", "Douglas"),
family = "Bates",
role = "aut",
email = "bates@stat.wisc.edu"),
person(given = "Martin",
family = "Maechler",
role = "aut"),
person(given = "Ben",
family = "Bolker",
role = "aut"),
person(given = "Steven",
family = "Walker",
role = c("aut", "cre"),
email = "steve.walker@utoronto.ca"))
as necessary.
Flavors: r-devel-linux-x86_64-debian-clang, r-devel-linux-x86_64-debian-gcc