Last updated on 2025-05-06 03:51:15 CEST.
Flavor | Version | Tinstall | Tcheck | Ttotal | Status | Flags |
---|---|---|---|---|---|---|
r-devel-linux-x86_64-debian-clang | 1.1 | 36.18 | 119.34 | 155.52 | NOTE | |
r-devel-linux-x86_64-debian-gcc | 1.1 | 30.44 | 86.01 | 116.45 | NOTE | |
r-devel-linux-x86_64-fedora-clang | 1.1 | 275.41 | NOTE | |||
r-devel-linux-x86_64-fedora-gcc | 1.1 | 272.71 | NOTE | |||
r-devel-windows-x86_64 | 1.1 | 44.00 | 145.00 | 189.00 | NOTE | |
r-patched-linux-x86_64 | 1.1 | 42.59 | 112.69 | 155.28 | NOTE | |
r-release-linux-x86_64 | 1.1 | 40.71 | 110.94 | 151.65 | NOTE | |
r-release-macos-arm64 | 1.1 | 77.00 | NOTE | |||
r-release-macos-x86_64 | 1.1 | 154.00 | NOTE | |||
r-release-windows-x86_64 | 1.1 | 44.00 | 148.00 | 192.00 | NOTE | |
r-oldrel-macos-arm64 | 1.1 | 81.00 | NOTE | |||
r-oldrel-macos-x86_64 | 1.1 | 117.00 | NOTE | |||
r-oldrel-windows-x86_64 | 1.1 | 54.00 | 192.00 | 246.00 | NOTE |
Version: 1.1
Check: C++ specification
Result: NOTE
Specified C++11: please drop specification unless essential
Flavors: r-devel-linux-x86_64-debian-clang, r-devel-linux-x86_64-debian-gcc, r-devel-linux-x86_64-fedora-clang, r-devel-linux-x86_64-fedora-gcc, r-devel-windows-x86_64, r-patched-linux-x86_64, r-release-linux-x86_64, r-release-macos-arm64, r-release-macos-x86_64, r-release-windows-x86_64, r-oldrel-macos-arm64, r-oldrel-macos-x86_64, r-oldrel-windows-x86_64
Version: 1.1
Check: Rd cross-references
Result: NOTE
Found the following Rd file(s) with Rd \link{} targets missing package
anchors:
spatialPreprocess.Rd: BiocSingularParam-class
Please provide package anchors for all Rd \link{} targets not in the
package itself and the base packages.
Flavors: r-devel-linux-x86_64-debian-clang, r-devel-linux-x86_64-debian-gcc, r-devel-windows-x86_64, r-patched-linux-x86_64, r-release-linux-x86_64, r-release-windows-x86_64