Last updated on 2025-07-25 03:51:35 CEST.
Flavor | Version | Tinstall | Tcheck | Ttotal | Status | Flags |
---|---|---|---|---|---|---|
r-devel-linux-x86_64-debian-clang | 1.2.0 | 2.12 | 22.33 | 24.45 | NOTE | |
r-devel-linux-x86_64-debian-gcc | 1.2.0 | 1.87 | 18.31 | 20.18 | NOTE | |
r-devel-linux-x86_64-fedora-clang | 1.2.0 | 38.21 | OK | |||
r-devel-linux-x86_64-fedora-gcc | 1.2.0 | 37.14 | OK | |||
r-devel-windows-x86_64 | 1.2.0 | 4.00 | 49.00 | 53.00 | OK | |
r-patched-linux-x86_64 | 1.2.0 | 2.25 | 21.05 | 23.30 | OK | |
r-release-linux-x86_64 | 1.2.0 | 2.24 | 21.20 | 23.44 | OK | |
r-release-macos-arm64 | 1.2.0 | 27.00 | OK | |||
r-release-macos-x86_64 | 1.2.0 | 27.00 | OK | |||
r-release-windows-x86_64 | 1.2.0 | 4.00 | 48.00 | 52.00 | OK | |
r-oldrel-macos-arm64 | 1.2.0 | 17.00 | OK | |||
r-oldrel-macos-x86_64 | 1.2.0 | 26.00 | OK | |||
r-oldrel-windows-x86_64 | 1.2.0 | 4.00 | 52.00 | 56.00 | OK |
Version: 1.2.0
Check: CRAN incoming feasibility
Result: NOTE
Maintainer: ‘Ze Zhang <Ze.Zhang@utsouthwestern.edu>’
No Authors@R field in DESCRIPTION.
Please add one, modifying
Authors@R: person(given = "Ze",
family = "Zhang",
role = c("aut", "cre"),
email = "ze.zhang@utsouthwestern.edu")
as necessary.
Flavors: r-devel-linux-x86_64-debian-clang, r-devel-linux-x86_64-debian-gcc