Last updated on 2025-05-06 03:51:15 CEST.
Flavor | Version | Tinstall | Tcheck | Ttotal | Status | Flags |
---|---|---|---|---|---|---|
r-devel-linux-x86_64-debian-clang | 1.0-4 | 2.76 | 25.67 | 28.43 | NOTE | |
r-devel-linux-x86_64-debian-gcc | 1.0-4 | 2.32 | 19.53 | 21.85 | NOTE | |
r-devel-linux-x86_64-fedora-clang | 1.0-4 | 44.76 | OK | |||
r-devel-linux-x86_64-fedora-gcc | 1.0-4 | 43.12 | OK | |||
r-devel-windows-x86_64 | 1.0-4 | 6.00 | 48.00 | 54.00 | OK | |
r-patched-linux-x86_64 | 1.0-4 | 3.19 | 24.31 | 27.50 | OK | |
r-release-linux-x86_64 | 1.0-4 | 2.80 | 24.81 | 27.61 | OK | |
r-release-macos-arm64 | 1.0-4 | 20.00 | OK | |||
r-release-macos-x86_64 | 1.0-4 | 30.00 | OK | |||
r-release-windows-x86_64 | 1.0-4 | 6.00 | 49.00 | 55.00 | OK | |
r-oldrel-macos-arm64 | 1.0-4 | 18.00 | OK | |||
r-oldrel-macos-x86_64 | 1.0-4 | 26.00 | OK | |||
r-oldrel-windows-x86_64 | 1.0-4 | 6.00 | 56.00 | 62.00 | OK |
Version: 1.0-4
Check: CRAN incoming feasibility
Result: NOTE
Maintainer: ‘Bjoern Bornkamp <bbnkmp@mail.de>’
No Authors@R field in DESCRIPTION.
Please add one, modifying
Authors@R: person(given = "Bjoern",
family = "Bornkamp",
role = c("aut", "cre"),
email = "bbnkmp@mail.de")
as necessary.
Flavors: r-devel-linux-x86_64-debian-clang, r-devel-linux-x86_64-debian-gcc