Last updated on 2025-11-01 03:50:02 CET.
| Flavor | Version | Tinstall | Tcheck | Ttotal | Status | Flags |
|---|---|---|---|---|---|---|
| r-devel-linux-x86_64-debian-clang | 1.0.0 | 24.89 | 201.60 | 226.49 | OK | |
| r-devel-linux-x86_64-debian-gcc | 1.0.0 | 19.04 | 148.09 | 167.13 | OK | |
| r-devel-linux-x86_64-fedora-clang | 1.0.0 | 249.00 | 141.38 | 390.38 | OK | |
| r-devel-linux-x86_64-fedora-gcc | 1.0.0 | 100.00 | 253.03 | 353.03 | OK | |
| r-devel-windows-x86_64 | 1.0.0 | 20.00 | 144.00 | 164.00 | OK | |
| r-patched-linux-x86_64 | 1.0.0 | 27.34 | 193.43 | 220.77 | OK | |
| r-release-linux-x86_64 | 1.0.0 | 23.35 | 195.72 | 219.07 | OK | |
| r-release-macos-arm64 | 1.0.0 | 9.00 | 70.00 | 79.00 | OK | |
| r-release-macos-x86_64 | 1.0.0 | 9.00 | 64.00 | 73.00 | OK | |
| r-release-windows-x86_64 | 1.0.0 | 26.00 | 171.00 | 197.00 | WARN | |
| r-oldrel-macos-arm64 | 1.0.0 | 7.00 | 53.00 | 60.00 | OK | |
| r-oldrel-macos-x86_64 | 1.0.0 | 9.00 | 92.00 | 101.00 | OK | |
| r-oldrel-windows-x86_64 | 1.0.0 | 34.00 | 224.00 | 258.00 | WARN |
Version: 1.0.0
Check: whether package can be installed
Result: WARN
Found the following significant warnings:
Warning: Torch libraries are installed but loading them caused a segfault.
Flavors: r-release-windows-x86_64, r-oldrel-windows-x86_64