CRAN Package Check Results for Package SITH

Last updated on 2025-05-06 03:51:16 CEST.

Flavor Version Tinstall Tcheck Ttotal Status Flags
r-devel-linux-x86_64-debian-clang 1.1.0 27.02 56.64 83.66 NOTE
r-devel-linux-x86_64-debian-gcc 1.1.0 19.11 43.00 62.11 NOTE
r-devel-linux-x86_64-fedora-clang 1.1.0 145.73 OK
r-devel-linux-x86_64-fedora-gcc 1.1.0 157.58 OK
r-devel-windows-x86_64 1.1.0 31.00 96.00 127.00 OK
r-patched-linux-x86_64 1.1.0 27.54 54.11 81.65 OK
r-release-linux-x86_64 1.1.0 27.16 54.65 81.81 OK
r-release-macos-arm64 1.1.0 62.00 OK
r-release-macos-x86_64 1.1.0 106.00 OK
r-release-windows-x86_64 1.1.0 31.00 97.00 128.00 OK
r-oldrel-macos-arm64 1.1.0 80.00 OK
r-oldrel-macos-x86_64 1.1.0 98.00 OK
r-oldrel-windows-x86_64 1.1.0 32.00 118.00 150.00 OK

Check Details

Version: 1.1.0
Check: CRAN incoming feasibility
Result: NOTE Maintainer: ‘Phillip B. Nicol <philnicol740@gmail.com>’ No Authors@R field in DESCRIPTION. Please add one, modifying Authors@R: person(given = c("Phillip", "B."), family = "Nicol", role = c("aut", "cre"), email = "philnicol740@gmail.com") as necessary. Flavors: r-devel-linux-x86_64-debian-clang, r-devel-linux-x86_64-debian-gcc