CRAN Package Check Results for Package SMM

Last updated on 2025-05-04 03:51:07 CEST.

Flavor Version Tinstall Tcheck Ttotal Status Flags
r-devel-linux-x86_64-debian-clang 1.0.2 10.87 77.88 88.75 NOTE
r-devel-linux-x86_64-debian-gcc 1.0.2 9.52 52.52 62.04 NOTE
r-devel-linux-x86_64-fedora-clang 1.0.2 149.99 NOTE
r-devel-linux-x86_64-fedora-gcc 1.0.2 156.06 NOTE
r-devel-windows-x86_64 1.0.2 14.00 119.00 133.00 NOTE
r-patched-linux-x86_64 1.0.2 13.99 74.63 88.62 NOTE
r-release-linux-x86_64 NOTE
r-release-macos-arm64 1.0.2 56.00 WARN
r-release-macos-x86_64 1.0.2 92.00 NOTE
r-release-windows-x86_64 1.0.2 14.00 110.00 124.00 NOTE
r-oldrel-macos-arm64 1.0.2 58.00 WARN
r-oldrel-macos-x86_64 1.0.2 69.00 NOTE
r-oldrel-windows-x86_64 1.0.2 18.00 120.00 138.00 NOTE

Additional issues

donttest

Check Details

Version: 1.0.2
Check: CRAN incoming feasibility
Result: NOTE Maintainer: ‘Nicolas Vergne <nicolas.vergne@univ-rouen.fr>’ No Authors@R field in DESCRIPTION. Please add one, modifying Authors@R: c(person(given = c("Vlad", "Stefan"), family = "Barbu", role = "aut"), person(given = "Caroline", family = "Berard", role = "aut"), person(given = "Dominique", family = "Cellier", role = "aut"), person(given = "Mathilde", family = "Sautreuil", role = "aut"), person(given = "Nicolas", family = "Vergne", role = c("aut", "cre"), email = "nicolas.vergne@univ-rouen.fr")) as necessary. Flavors: r-devel-linux-x86_64-debian-clang, r-devel-linux-x86_64-debian-gcc

Version: 1.0.2
Check: Rd files
Result: NOTE checkRd: (-1) estimMk.Rd:44: Lost braces; missing escapes or markup? 44 | estimMk returns the transition probability matrix of size (S^{k})xS (with S = length(E)) | ^ Flavors: r-devel-linux-x86_64-debian-clang, r-devel-linux-x86_64-debian-gcc, r-devel-linux-x86_64-fedora-clang, r-devel-linux-x86_64-fedora-gcc, r-devel-windows-x86_64, r-patched-linux-x86_64, r-release-linux-x86_64, r-release-macos-arm64, r-release-macos-x86_64, r-release-windows-x86_64, r-oldrel-macos-arm64, r-oldrel-macos-x86_64, r-oldrel-windows-x86_64

Version: 1.0.2
Check: re-building of vignette outputs
Result: WARN Error(s) in re-building vignettes: --- re-building ‘smm.Rnw’ using Sweave Error: processing vignette 'smm.Rnw' failed with diagnostics: Running 'texi2dvi' on 'smm.tex' failed. LaTeX errors: !pdfTeX error: pdflatex (file bbm10): Font bbm10 at 657 not found ==> Fatal error occurred, no output PDF file produced! --- failed re-building ‘smm.Rnw’ SUMMARY: processing the following file failed: ‘smm.Rnw’ Error: Vignette re-building failed. Execution halted Flavors: r-release-macos-arm64, r-oldrel-macos-arm64