Last updated on 2025-05-07 03:51:15 CEST.
Flavor | Version | Tinstall | Tcheck | Ttotal | Status | Flags |
---|---|---|---|---|---|---|
r-devel-linux-x86_64-debian-clang | 1.0.0 | 25.62 | 310.77 | 336.39 | NOTE | |
r-devel-linux-x86_64-debian-gcc | 1.0.0 | 16.26 | 214.53 | 230.79 | NOTE | |
r-devel-linux-x86_64-fedora-clang | 1.0.0 | 573.66 | OK | |||
r-devel-linux-x86_64-fedora-gcc | 1.0.0 | 526.20 | OK | |||
r-devel-windows-x86_64 | 1.0.0 | 25.00 | 306.00 | 331.00 | NOTE | |
r-patched-linux-x86_64 | 1.0.0 | 23.82 | 301.05 | 324.87 | NOTE | |
r-release-linux-x86_64 | 1.0.0 | 23.58 | 299.06 | 322.64 | NOTE | |
r-release-macos-arm64 | 1.0.0 | 169.00 | OK | |||
r-release-macos-x86_64 | 1.0.0 | 361.00 | OK | |||
r-release-windows-x86_64 | 1.0.0 | 25.00 | 305.00 | 330.00 | NOTE | |
r-oldrel-macos-arm64 | 1.0.0 | 164.00 | NOTE | |||
r-oldrel-macos-x86_64 | 1.0.0 | 270.00 | NOTE | |||
r-oldrel-windows-x86_64 | 1.0.0 | 33.00 | 409.00 | 442.00 | OK |
Version: 1.0.0
Check: CRAN incoming feasibility
Result: NOTE
Maintainer: ‘Azka Javaid <azka.javaid.gr@dartmouth.edu>’
The Description field contains
(2009) <arXiv:0909.4061>. Clustering method is outlined in: Song et
Please refer to arXiv e-prints via their arXiv DOI <doi:10.48550/arXiv.YYMM.NNNNN>.
Flavors: r-devel-linux-x86_64-debian-clang, r-devel-linux-x86_64-debian-gcc
Version: 1.0.0
Check: Rd cross-references
Result: NOTE
Found the following Rd file(s) with Rd \link{} targets missing package
anchors:
speck.Rd: Ckmeans.1d.dp
Please provide package anchors for all Rd \link{} targets not in the
package itself and the base packages.
Flavors: r-devel-linux-x86_64-debian-clang, r-devel-linux-x86_64-debian-gcc, r-devel-windows-x86_64, r-patched-linux-x86_64, r-release-linux-x86_64, r-release-windows-x86_64
Version: 1.0.0
Check: installed package size
Result: NOTE
installed size is 5.5Mb
sub-directories of 1Mb or more:
data 4.8Mb
Flavors: r-oldrel-macos-arm64, r-oldrel-macos-x86_64