Last updated on 2025-05-04 03:51:07 CEST.
Flavor | Version | Tinstall | Tcheck | Ttotal | Status | Flags |
---|---|---|---|---|---|---|
r-devel-linux-x86_64-debian-clang | 2.2 | 2.81 | 34.20 | 37.01 | NOTE | |
r-devel-linux-x86_64-debian-gcc | 2.2 | 2.07 | 23.92 | 25.99 | NOTE | |
r-devel-linux-x86_64-fedora-clang | 2.2 | 53.90 | OK | |||
r-devel-linux-x86_64-fedora-gcc | 2.2 | 51.63 | OK | |||
r-devel-windows-x86_64 | 2.2 | 4.00 | 52.00 | 56.00 | OK | |
r-patched-linux-x86_64 | 2.2 | 3.13 | 31.50 | 34.63 | OK | |
r-release-linux-x86_64 | OK | |||||
r-release-macos-arm64 | 2.2 | 20.00 | OK | |||
r-release-macos-x86_64 | 2.2 | 34.00 | OK | |||
r-release-windows-x86_64 | 2.2 | 4.00 | 53.00 | 57.00 | OK | |
r-oldrel-macos-arm64 | 2.2 | 19.00 | OK | |||
r-oldrel-macos-x86_64 | 2.2 | 35.00 | OK | |||
r-oldrel-windows-x86_64 | 2.2 | 4.00 | 58.00 | 62.00 | OK |
Version: 2.2
Check: CRAN incoming feasibility
Result: NOTE
Maintainer: ‘Castor Guisande Gonzalez <castor@uvigo.es>’
No Authors@R field in DESCRIPTION.
Please add one, modifying
Authors@R: person(given = c("Castor", "Guisande"),
family = "Gonzalez",
role = c("aut", "cre"),
email = "castor@uvigo.es")
as necessary.
Flavors: r-devel-linux-x86_64-debian-clang, r-devel-linux-x86_64-debian-gcc