Last updated on 2025-05-04 03:51:07 CEST.
Flavor | Version | Tinstall | Tcheck | Ttotal | Status | Flags |
---|---|---|---|---|---|---|
r-devel-linux-x86_64-debian-clang | 1.0.2 | 5.63 | 36.18 | 41.81 | NOTE | |
r-devel-linux-x86_64-debian-gcc | 1.0.2 | 3.68 | 26.19 | 29.87 | NOTE | |
r-devel-linux-x86_64-fedora-clang | 1.0.2 | 66.78 | OK | |||
r-devel-linux-x86_64-fedora-gcc | 1.0.2 | 77.13 | OK | |||
r-devel-windows-x86_64 | 1.0.2 | 6.00 | 63.00 | 69.00 | OK | |
r-patched-linux-x86_64 | 1.0.2 | 6.25 | 33.67 | 39.92 | OK | |
r-release-linux-x86_64 | OK | |||||
r-release-macos-arm64 | 1.0.2 | 30.00 | OK | |||
r-release-macos-x86_64 | 1.0.2 | 60.00 | OK | |||
r-release-windows-x86_64 | 1.0.2 | 6.00 | 63.00 | 69.00 | OK | |
r-oldrel-macos-arm64 | 1.0.2 | 25.00 | OK | |||
r-oldrel-macos-x86_64 | 1.0.2 | 46.00 | OK | |||
r-oldrel-windows-x86_64 | 1.0.2 | 5.00 | 62.00 | 67.00 | OK |
Version: 1.0.2
Check: CRAN incoming feasibility
Result: NOTE
Maintainer: ‘Mike Lee <random.deviate@gmail.com>’
No Authors@R field in DESCRIPTION.
Please add one, modifying
Authors@R: person(given = "Mike",
family = "Lee",
role = c("aut", "cre"),
email = "random.deviate@gmail.com")
as necessary.
Flavors: r-devel-linux-x86_64-debian-clang, r-devel-linux-x86_64-debian-gcc