Last updated on 2025-05-04 03:51:06 CEST.
Flavor | Version | Tinstall | Tcheck | Ttotal | Status | Flags |
---|---|---|---|---|---|---|
r-devel-linux-x86_64-debian-clang | 0.1 | 6.26 | 54.05 | 60.31 | NOTE | |
r-devel-linux-x86_64-debian-gcc | 0.1 | 4.51 | 43.07 | 47.58 | NOTE | |
r-devel-linux-x86_64-fedora-clang | 0.1 | 93.64 | OK | |||
r-devel-linux-x86_64-fedora-gcc | 0.1 | 89.62 | OK | |||
r-devel-windows-x86_64 | 0.1 | 7.00 | 74.00 | 81.00 | OK | |
r-patched-linux-x86_64 | 0.1 | 6.75 | 52.07 | 58.82 | OK | |
r-release-linux-x86_64 | OK | |||||
r-release-macos-arm64 | 0.1 | 28.00 | OK | |||
r-release-macos-x86_64 | 0.1 | 50.00 | OK | |||
r-release-windows-x86_64 | 0.1 | 8.00 | 68.00 | 76.00 | OK | |
r-oldrel-macos-arm64 | 0.1 | 30.00 | NOTE | |||
r-oldrel-macos-x86_64 | 0.1 | 50.00 | NOTE | |||
r-oldrel-windows-x86_64 | 0.1 | 9.00 | 83.00 | 92.00 | NOTE |
Version: 0.1
Check: CRAN incoming feasibility
Result: NOTE
Maintainer: ‘Shengming Luo <shengmil@andrew.cmu.edu>’
The Description field contains
Jin (2015) <arXiv:1211.5803>, and SCORE+ in J. Jin, Z. Ke and S. Luo
(2018) <arXiv:1811.05927>. Membership estimation algorithm called
Mixed-SCORE in J. Jin, Z. Ke and S. Luo (2017) <arXiv:1708.07852>.
Please refer to arXiv e-prints via their arXiv DOI <doi:10.48550/arXiv.YYMM.NNNNN>.
Flavors: r-devel-linux-x86_64-debian-clang, r-devel-linux-x86_64-debian-gcc
Version: 0.1
Check: LazyData
Result: NOTE
'LazyData' is specified without a 'data' directory
Flavors: r-oldrel-macos-arm64, r-oldrel-macos-x86_64, r-oldrel-windows-x86_64