Last updated on 2025-05-04 03:51:06 CEST.
Flavor | Version | Tinstall | Tcheck | Ttotal | Status | Flags |
---|---|---|---|---|---|---|
r-devel-linux-x86_64-debian-clang | 1.1.0 | 11.23 | 89.89 | 101.12 | NOTE | |
r-devel-linux-x86_64-debian-gcc | 1.1.0 | 7.65 | 60.63 | 68.28 | NOTE | |
r-devel-linux-x86_64-fedora-clang | 1.1.0 | 154.18 | OK | |||
r-devel-linux-x86_64-fedora-gcc | 1.1.0 | 143.75 | OK | |||
r-devel-windows-x86_64 | 1.1.0 | 13.00 | 92.00 | 105.00 | OK | |
r-patched-linux-x86_64 | 1.1.0 | 11.64 | 81.11 | 92.75 | OK | |
r-release-linux-x86_64 | OK | |||||
r-release-macos-arm64 | 1.1.0 | 44.00 | OK | |||
r-release-macos-x86_64 | 1.1.0 | 80.00 | OK | |||
r-release-windows-x86_64 | 1.1.0 | 11.00 | 90.00 | 101.00 | OK | |
r-oldrel-macos-arm64 | 1.1.0 | 44.00 | NOTE | |||
r-oldrel-macos-x86_64 | 1.1.0 | 60.00 | NOTE | |||
r-oldrel-windows-x86_64 | 1.1.0 | 16.00 | 113.00 | 129.00 | NOTE |
Version: 1.1.0
Check: CRAN incoming feasibility
Result: NOTE
Maintainer: ‘Divyansh Agarwal <divyansh@upenn.edu>’
No Authors@R field in DESCRIPTION.
Please add one, modifying
Authors@R: c(person(given = c("Divyansh", "Agarwal", "Nancy", "R.", "Zhang"),
family = "<nzh@wharton.upenn.edu>",
role = "aut",
email = "nzh@wharton.upenn.edu"),
person(given = "Divyansh",
family = "Agarwal",
role = "cre",
email = "divyansh@upenn.edu"))
as necessary.
Flavors: r-devel-linux-x86_64-debian-clang, r-devel-linux-x86_64-debian-gcc
Version: 1.1.0
Check: LazyData
Result: NOTE
'LazyData' is specified without a 'data' directory
Flavors: r-oldrel-macos-arm64, r-oldrel-macos-x86_64, r-oldrel-windows-x86_64