Last updated on 2025-10-30 02:49:13 CET.
| Flavor | Version | Tinstall | Tcheck | Ttotal | Status | Flags | 
|---|---|---|---|---|---|---|
| r-devel-linux-x86_64-debian-clang | 0.11.1 | 8.83 | 95.67 | 104.50 | NOTE | |
| r-devel-linux-x86_64-debian-gcc | 0.11.1 | 4.94 | 67.63 | 72.57 | NOTE | |
| r-devel-linux-x86_64-fedora-clang | 0.11.1 | 16.00 | 142.00 | 158.00 | NOTE | |
| r-devel-linux-x86_64-fedora-gcc | 0.11.1 | 19.00 | 157.17 | 176.17 | NOTE | |
| r-devel-windows-x86_64 | 0.11.1 | 10.00 | 124.00 | 134.00 | NOTE | |
| r-patched-linux-x86_64 | 0.11.1 | 8.42 | 90.74 | 99.16 | NOTE | |
| r-release-linux-x86_64 | 0.11.1 | 6.57 | 90.42 | 96.99 | NOTE | |
| r-release-macos-arm64 | 0.11.1 | 4.00 | 59.00 | 63.00 | NOTE | |
| r-release-macos-x86_64 | 0.11.1 | 10.00 | 83.00 | 93.00 | NOTE | |
| r-release-windows-x86_64 | 0.11.1 | 11.00 | 130.00 | 141.00 | NOTE | |
| r-oldrel-macos-arm64 | 0.11.1 | 3.00 | 44.00 | 47.00 | NOTE | |
| r-oldrel-macos-x86_64 | 0.11.1 | 6.00 | 67.00 | 73.00 | NOTE | |
| r-oldrel-windows-x86_64 | 0.11.1 | 13.00 | 151.00 | 164.00 | NOTE | 
Version: 0.11.1
Check: Rd files
Result: NOTE
  checkRd: (-1) ss.cc.Rd:44: Lost braces in \itemize; meant \describe ?
  checkRd: (-1) ss.ci.Rd:26: Lost braces
      26 | \item{alpha}{The eqn{\\alpha} error used to compute the \eqn{100*(1-\\alpha)\%} confidence interval}
         |                     ^
  checkRd: (-1) ss.rr.Rd:84: Lost braces; missing escapes or markup?
      84 | $MS_{factor}/MS_{interaction}$, e.g. in appendix A of AIAG MSA manual, 
         |     ^
  checkRd: (-1) ss.rr.Rd:84: Lost braces; missing escapes or markup?
      84 | $MS_{factor}/MS_{interaction}$, e.g. in appendix A of AIAG MSA manual, 
         |                 ^
  checkRd: (-1) ss.rr.Rd:87: Lost braces; missing escapes or markup?
      87 | F test is performed as $MS_{factor}/MS_{equipment}$, i.e., repeatability.
         |                            ^
  checkRd: (-1) ss.rr.Rd:87: Lost braces; missing escapes or markup?
      87 | F test is performed as $MS_{factor}/MS_{equipment}$, i.e., repeatability.
         |                                        ^
Flavors: r-devel-linux-x86_64-debian-clang, r-devel-linux-x86_64-debian-gcc, r-devel-linux-x86_64-fedora-clang, r-devel-linux-x86_64-fedora-gcc, r-devel-windows-x86_64, r-patched-linux-x86_64, r-release-linux-x86_64, r-release-macos-arm64, r-release-macos-x86_64, r-release-windows-x86_64, r-oldrel-macos-arm64, r-oldrel-macos-x86_64, r-oldrel-windows-x86_64