Last updated on 2025-05-04 03:51:07 CEST.
Flavor | Version | Tinstall | Tcheck | Ttotal | Status | Flags |
---|---|---|---|---|---|---|
r-devel-linux-x86_64-debian-clang | 0.1.3 | 45.82 | 225.27 | 271.09 | NOTE | |
r-devel-linux-x86_64-debian-gcc | 0.1.3 | 30.47 | 161.99 | 192.46 | NOTE | |
r-devel-linux-x86_64-fedora-clang | 0.1.3 | 457.88 | OK | |||
r-devel-linux-x86_64-fedora-gcc | 0.1.3 | 412.71 | OK | |||
r-devel-windows-x86_64 | 0.1.3 | 47.00 | 219.00 | 266.00 | OK | |
r-patched-linux-x86_64 | 0.1.3 | 40.75 | 213.50 | 254.25 | OK | |
r-release-linux-x86_64 | OK | |||||
r-release-macos-arm64 | 0.1.3 | 112.00 | OK | |||
r-release-macos-x86_64 | 0.1.3 | 199.00 | OK | |||
r-release-windows-x86_64 | 0.1.3 | 46.00 | 215.00 | 261.00 | OK | |
r-oldrel-macos-arm64 | 0.1.3 | 105.00 | NOTE | |||
r-oldrel-macos-x86_64 | 0.1.3 | 157.00 | NOTE | |||
r-oldrel-windows-x86_64 | 0.1.3 | 57.00 | 275.00 | 332.00 | NOTE |
Version: 0.1.3
Check: CRAN incoming feasibility
Result: NOTE
Maintainer: ‘Jun Chen <Chen.Jun2@mayo.edu>’
No Authors@R field in DESCRIPTION.
Please add one, modifying
Authors@R: c(person(given = "Jun",
family = "Chen",
role = c("aut", "cre"),
email = "Chen.Jun2@mayo.edu"),
person(given = "Ehsan",
family = "Behnam",
role = "aut",
email = "behnamgh@usc.edu"))
as necessary.
Flavors: r-devel-linux-x86_64-debian-clang, r-devel-linux-x86_64-debian-gcc
Version: 0.1.3
Check: LazyData
Result: NOTE
'LazyData' is specified without a 'data' directory
Flavors: r-oldrel-macos-arm64, r-oldrel-macos-x86_64, r-oldrel-windows-x86_64