CRAN Package Check Results for Package SouthParkRshiny

Last updated on 2025-05-07 03:51:15 CEST.

Flavor Version Tinstall Tcheck Ttotal Status Flags
r-devel-linux-x86_64-debian-clang 1.0.0 25.42 71.27 96.69 NOTE
r-devel-linux-x86_64-debian-gcc 1.0.0 20.43 51.39 71.82 NOTE
r-devel-linux-x86_64-fedora-clang 1.0.0 150.52 NOTE
r-devel-linux-x86_64-fedora-gcc 1.0.0 152.23 NOTE
r-devel-windows-x86_64 1.0.0 37.00 90.00 127.00 NOTE
r-patched-linux-x86_64 1.0.0 24.74 67.22 91.96 NOTE
r-release-linux-x86_64 1.0.0 27.23 66.77 94.00 NOTE
r-release-macos-arm64 1.0.0 55.00 NOTE
r-release-macos-x86_64 1.0.0 96.00 NOTE
r-release-windows-x86_64 1.0.0 38.00 93.00 131.00 NOTE
r-oldrel-macos-arm64 1.0.0 57.00 NOTE
r-oldrel-macos-x86_64 1.0.0 75.00 NOTE
r-oldrel-windows-x86_64 1.0.0 45.00 108.00 153.00 NOTE

Check Details

Version: 1.0.0
Check: DESCRIPTION meta-information
Result: NOTE Missing dependency on R >= 4.1.0 because package code uses the pipe |> or function shorthand \(...) syntax added in R 4.1.0. File(s) using such syntax: ‘SouthPark_Script_Data.Rd’ ‘app_server.R’ Flavors: r-devel-linux-x86_64-debian-clang, r-devel-linux-x86_64-debian-gcc, r-devel-linux-x86_64-fedora-clang, r-devel-linux-x86_64-fedora-gcc, r-devel-windows-x86_64, r-patched-linux-x86_64, r-release-linux-x86_64, r-release-macos-arm64, r-release-windows-x86_64

Version: 1.0.0
Check: DESCRIPTION meta-information
Result: NOTE Missing dependency on R >= 4.1.0 because package code uses the pipe |> or function shorthand \(...) syntax added in R 4.1.0. File(s) using such syntax: ‘app_server.R’ Flavor: r-release-macos-x86_64

Version: 1.0.0
Check: package dependencies
Result: NOTE Package suggested but not available for checking: ‘gridlayout’ Flavors: r-oldrel-macos-arm64, r-oldrel-macos-x86_64, r-oldrel-windows-x86_64

Version: 1.0.0
Check: installed package size
Result: NOTE installed size is 5.4Mb sub-directories of 1Mb or more: data 4.8Mb Flavors: r-oldrel-macos-arm64, r-oldrel-macos-x86_64