Last updated on 2025-05-06 03:51:17 CEST.
Flavor | Version | Tinstall | Tcheck | Ttotal | Status | Flags |
---|---|---|---|---|---|---|
r-devel-linux-x86_64-debian-clang | 2.1.0 | 58.74 | 470.73 | 529.47 | NOTE | |
r-devel-linux-x86_64-debian-gcc | 2.1.0 | 35.51 | 301.40 | 336.91 | NOTE | |
r-devel-linux-x86_64-fedora-clang | 2.1.0 | 900.31 | OK | |||
r-devel-linux-x86_64-fedora-gcc | 2.1.0 | 874.00 | OK | |||
r-devel-windows-x86_64 | 2.1.0 | 57.00 | 403.00 | 460.00 | NOTE | |
r-patched-linux-x86_64 | 2.1.0 | 61.76 | 447.16 | 508.92 | NOTE | |
r-release-linux-x86_64 | 2.1.0 | 53.30 | 447.63 | 500.93 | NOTE | |
r-release-macos-arm64 | 2.1.0 | 220.00 | OK | |||
r-release-macos-x86_64 | 2.1.0 | 483.00 | OK | |||
r-release-windows-x86_64 | 2.1.0 | 58.00 | 406.00 | 464.00 | NOTE | |
r-oldrel-macos-arm64 | 2.1.0 | 192.00 | NOTE | |||
r-oldrel-macos-x86_64 | 2.1.0 | 406.00 | NOTE | |||
r-oldrel-windows-x86_64 | 2.1.0 | 76.00 | 546.00 | 622.00 | WARN |
Version: 2.1.0
Check: Rd cross-references
Result: NOTE
Found the following Rd file(s) with Rd \link{} targets missing package
anchors:
SpaDES.core-package.Rd: copy, equalExtent, getColors,
divergentColors, layerNames, numLayers, Plot, clearPlot,
clickValues, clickExtent, clickCoordinates, dev, newPlot, rePlot
depsLoadOrder.Rd: igraph
downloadData.Rd: prepInputs
emptyEventList.Rd: data.table
moduleDiagram.Rd: igraph
moduleGraph.Rd: igraph
simList-accessors-events.Rd: data.table
simList-class.Rd: data.table
Please provide package anchors for all Rd \link{} targets not in the
package itself and the base packages.
Flavors: r-devel-linux-x86_64-debian-clang, r-devel-linux-x86_64-debian-gcc, r-devel-windows-x86_64, r-patched-linux-x86_64, r-release-linux-x86_64, r-release-windows-x86_64
Version: 2.1.0
Check: package dependencies
Result: NOTE
Package suggested but not available for checking: ‘NLMR’
Flavors: r-oldrel-macos-arm64, r-oldrel-macos-x86_64, r-oldrel-windows-x86_64
Version: 2.1.0
Check: installed package size
Result: NOTE
installed size is 7.6Mb
sub-directories of 1Mb or more:
R 5.9Mb
Flavors: r-oldrel-macos-arm64, r-oldrel-macos-x86_64, r-oldrel-windows-x86_64
Version: 2.1.0
Check: whether the package can be loaded with stated dependencies
Result: WARN
Loading required package: quickPlot
Loading required package: reproducible
It looks like this package (or one of its dependent packages) has an
unstated dependence on a standard package. All dependencies must be
declared in DESCRIPTION.
See section 'The DESCRIPTION file' in the 'Writing R Extensions'
manual.
Flavor: r-oldrel-windows-x86_64
Version: 2.1.0
Check: whether the namespace can be unloaded cleanly
Result: WARN
Flavor: r-oldrel-windows-x86_64