Last updated on 2025-05-06 03:51:17 CEST.
Flavor | Version | Tinstall | Tcheck | Ttotal | Status | Flags |
---|---|---|---|---|---|---|
r-devel-linux-x86_64-debian-clang | 1.0 | 70.91 | 57.53 | 128.44 | NOTE | |
r-devel-linux-x86_64-debian-gcc | 1.0 | 43.18 | 43.34 | 86.52 | NOTE | |
r-devel-linux-x86_64-fedora-clang | 1.0 | 240.05 | OK | |||
r-devel-linux-x86_64-fedora-gcc | 1.0 | 217.52 | OK | |||
r-devel-windows-x86_64 | 1.0 | 80.00 | 84.00 | 164.00 | OK | |
r-patched-linux-x86_64 | 1.0 | 58.46 | 54.84 | 113.30 | OK | |
r-release-linux-x86_64 | 1.0 | 59.51 | 55.55 | 115.06 | OK | |
r-release-macos-arm64 | 1.0 | 55.00 | OK | |||
r-release-macos-x86_64 | 1.0 | 84.00 | OK | |||
r-release-windows-x86_64 | 1.0 | 79.00 | 88.00 | 167.00 | OK | |
r-oldrel-macos-arm64 | 1.0 | 53.00 | OK | |||
r-oldrel-macos-x86_64 | 1.0 | 63.00 | OK | |||
r-oldrel-windows-x86_64 | 1.0 | 92.00 | 107.00 | 199.00 | OK |
Version: 1.0
Check: CRAN incoming feasibility
Result: NOTE
Maintainer: ‘Riccardo Rastelli <riccardoras@gmail.com>’
The Description field contains
<arXiv:1808.09262>.
Please refer to arXiv e-prints via their arXiv DOI <doi:10.48550/arXiv.YYMM.NNNNN>.
Flavors: r-devel-linux-x86_64-debian-clang, r-devel-linux-x86_64-debian-gcc