Last updated on 2025-05-04 03:51:07 CEST.
Flavor | Version | Tinstall | Tcheck | Ttotal | Status | Flags |
---|---|---|---|---|---|---|
r-devel-linux-x86_64-debian-clang | 1.0 | 20.57 | 21.98 | 42.55 | NOTE | |
r-devel-linux-x86_64-debian-gcc | 1.0 | 15.02 | 17.47 | 32.49 | NOTE | |
r-devel-linux-x86_64-fedora-clang | 1.0 | 76.39 | NOTE | |||
r-devel-linux-x86_64-fedora-gcc | 1.0 | 74.66 | NOTE | |||
r-devel-windows-x86_64 | 1.0 | 25.00 | 63.00 | 88.00 | OK | |
r-patched-linux-x86_64 | 1.0 | 19.06 | 20.91 | 39.97 | OK | |
r-release-linux-x86_64 | OK | |||||
r-release-macos-arm64 | 1.0 | 27.00 | OK | |||
r-release-macos-x86_64 | 1.0 | 37.00 | OK | |||
r-release-windows-x86_64 | 1.0 | 26.00 | 57.00 | 83.00 | OK | |
r-oldrel-macos-arm64 | 1.0 | 25.00 | OK | |||
r-oldrel-macos-x86_64 | 1.0 | 33.00 | OK | |||
r-oldrel-windows-x86_64 | 1.0 | 29.00 | 73.00 | 102.00 | OK |
Version: 1.0
Check: CRAN incoming feasibility
Result: NOTE
Maintainer: ‘Kendro Vincent <vincent.kendro@gmail.com>’
No Authors@R field in DESCRIPTION.
Please add one, modifying
Authors@R: c(person(given = "Yu-Chin",
family = "Hsu",
role = "aut"),
person(given = "Kendro",
family = "Vincent",
role = c("aut", "cre"),
email = "vincent.kendro@gmail.com"))
as necessary.
Flavors: r-devel-linux-x86_64-debian-clang, r-devel-linux-x86_64-debian-gcc
Version: 1.0
Check: compiled code
Result: NOTE
File ‘StepwiseTest/libs/StepwiseTest.so’:
Found no calls to: ‘R_registerRoutines’, ‘R_useDynamicSymbols’
It is good practice to register native routines and to disable symbol
search.
See ‘Writing portable packages’ in the ‘Writing R Extensions’ manual.
Flavors: r-devel-linux-x86_64-fedora-clang, r-devel-linux-x86_64-fedora-gcc