Last updated on 2025-10-31 02:50:45 CET.
| Flavor | Version | Tinstall | Tcheck | Ttotal | Status | Flags | 
|---|---|---|---|---|---|---|
| r-devel-linux-x86_64-debian-clang | 1.6.7 | 54.82 | 86.73 | 141.55 | NOTE | |
| r-devel-linux-x86_64-debian-gcc | 1.6.7 | 35.40 | 56.48 | 91.88 | NOTE | |
| r-devel-linux-x86_64-fedora-clang | 1.6.7 | 110.00 | 140.34 | 250.34 | NOTE | |
| r-devel-linux-x86_64-fedora-gcc | 1.6.7 | 109.00 | 117.74 | 226.74 | NOTE | |
| r-devel-windows-x86_64 | 1.6.7 | 65.00 | 110.00 | 175.00 | NOTE | |
| r-patched-linux-x86_64 | 1.6.7 | 53.32 | 80.41 | 133.73 | NOTE | |
| r-release-linux-x86_64 | 1.6.7 | 56.78 | 82.37 | 139.15 | NOTE | |
| r-release-macos-arm64 | 1.6.7 | 26.00 | 38.00 | 64.00 | NOTE | |
| r-release-macos-x86_64 | 1.6.7 | 29.00 | 85.00 | 114.00 | NOTE | |
| r-release-windows-x86_64 | 1.6.7 | 66.00 | 116.00 | 182.00 | NOTE | |
| r-oldrel-macos-arm64 | 1.6.7 | 26.00 | 35.00 | 61.00 | NOTE | |
| r-oldrel-macos-x86_64 | 1.6.7 | 25.00 | 52.00 | 77.00 | NOTE | |
| r-oldrel-windows-x86_64 | 1.6.7 | 81.00 | 140.00 | 221.00 | NOTE | 
Version: 1.6.7
Check: CRAN incoming feasibility
Result: NOTE
  Maintainer: ‘Aaron Olsen <aarolsen@gmail.com>’
  
  No Authors@R field in DESCRIPTION.
  Please add one, modifying
    Authors@R: c(person(given = "Aaron",
                        family = "Olsen",
                        role = c("aut", "cre"),
                        email = "aarolsen@gmail.com"),
                 person(given = "Annat",
                        family = "Haber",
                        role = "aut"))
  as necessary.
  
  Package CITATION file contains call(s) to old-style personList() or
  as.personList().  Please use c() on person objects instead.
  Package CITATION file contains call(s) to old-style citEntry().  Please
  use bibentry() instead.
Flavors: r-devel-linux-x86_64-debian-clang, r-devel-linux-x86_64-debian-gcc
Version: 1.6.7
Check: Rd files
Result: NOTE
  checkRd: (-1) landmarkMatrixToList.Rd:10: Lost braces
      10 |   \item{semilandmark.pattern}{a regular expression pattern passed to \code{sub()} for identifying and grouping curve points. The default is landmark names ending in one or more numbers. To disable grouping, set to code{''}.}
         |                                                                                                                                                                                                                           ^
Flavors: r-devel-linux-x86_64-debian-clang, r-devel-linux-x86_64-debian-gcc, r-devel-linux-x86_64-fedora-clang, r-devel-linux-x86_64-fedora-gcc, r-devel-windows-x86_64, r-patched-linux-x86_64, r-release-linux-x86_64, r-release-macos-arm64, r-release-macos-x86_64, r-release-windows-x86_64, r-oldrel-macos-arm64, r-oldrel-macos-x86_64, r-oldrel-windows-x86_64