Last updated on 2025-05-04 03:51:08 CEST.
Flavor | Version | Tinstall | Tcheck | Ttotal | Status | Flags |
---|---|---|---|---|---|---|
r-devel-linux-x86_64-debian-clang | 0.1.2 | 26.74 | 61.63 | 88.37 | NOTE | |
r-devel-linux-x86_64-debian-gcc | 0.1.2 | 19.63 | 45.69 | 65.32 | NOTE | |
r-devel-linux-x86_64-fedora-clang | 0.1.2 | 146.90 | NOTE | |||
r-devel-linux-x86_64-fedora-gcc | 0.1.2 | 144.17 | NOTE | |||
r-devel-windows-x86_64 | 0.1.2 | 31.00 | 96.00 | 127.00 | NOTE | |
r-patched-linux-x86_64 | 0.1.2 | 25.44 | 59.19 | 84.63 | NOTE | |
r-release-linux-x86_64 | NOTE | |||||
r-release-macos-arm64 | 0.1.2 | 45.00 | NOTE | |||
r-release-macos-x86_64 | 0.1.2 | 78.00 | NOTE | |||
r-release-windows-x86_64 | 0.1.2 | 31.00 | 95.00 | 126.00 | NOTE | |
r-oldrel-macos-arm64 | 0.1.2 | 41.00 | NOTE | |||
r-oldrel-macos-x86_64 | 0.1.2 | 56.00 | NOTE | |||
r-oldrel-windows-x86_64 | 0.1.2 | 38.00 | 113.00 | 151.00 | NOTE |
Version: 0.1.2
Check: CRAN incoming feasibility
Result: NOTE
Maintainer: ‘Aleš Žiberna <ales.ziberna@fdv.uni-lj.si>’
Package CITATION file contains call(s) to old-style personList() or
as.personList(). Please use c() on person objects instead.
Package CITATION file contains call(s) to old-style citEntry(). Please
use bibentry() instead.
Flavors: r-devel-linux-x86_64-debian-clang, r-devel-linux-x86_64-debian-gcc
Version: 0.1.2
Check: C++ specification
Result: NOTE
Specified C++11: please drop specification unless essential
Flavors: r-devel-linux-x86_64-debian-clang, r-devel-linux-x86_64-debian-gcc, r-devel-linux-x86_64-fedora-clang, r-devel-linux-x86_64-fedora-gcc, r-devel-windows-x86_64, r-patched-linux-x86_64, r-release-linux-x86_64, r-release-macos-arm64, r-release-macos-x86_64, r-release-windows-x86_64, r-oldrel-macos-arm64, r-oldrel-macos-x86_64, r-oldrel-windows-x86_64
Version: 0.1.2
Check: Rd cross-references
Result: NOTE
Found the following Rd file(s) with Rd \link{} targets missing package
anchors:
stochBlockORP.Rd: genRandomPar
Please provide package anchors for all Rd \link{} targets not in the
package itself and the base packages.
Flavors: r-devel-linux-x86_64-debian-clang, r-devel-linux-x86_64-debian-gcc, r-devel-windows-x86_64, r-patched-linux-x86_64, r-release-linux-x86_64, r-release-windows-x86_64