Last updated on 2025-05-04 03:51:08 CEST.
Flavor | Version | Tinstall | Tcheck | Ttotal | Status | Flags |
---|---|---|---|---|---|---|
r-devel-linux-x86_64-debian-clang | 0.3.0 | 3.45 | 25.57 | 29.02 | NOTE | |
r-devel-linux-x86_64-debian-gcc | 0.3.0 | 2.50 | 20.07 | 22.57 | NOTE | |
r-devel-linux-x86_64-fedora-clang | 0.3.0 | 46.48 | NOTE | |||
r-devel-linux-x86_64-fedora-gcc | 0.3.0 | 43.42 | NOTE | |||
r-devel-windows-x86_64 | 0.3.0 | 5.00 | 46.00 | 51.00 | OK | |
r-patched-linux-x86_64 | 0.3.0 | 3.52 | 24.71 | 28.23 | OK | |
r-release-linux-x86_64 | OK | |||||
r-release-macos-arm64 | 0.3.0 | 20.00 | OK | |||
r-release-macos-x86_64 | 0.3.0 | 34.00 | OK | |||
r-release-windows-x86_64 | 0.3.0 | 4.00 | 44.00 | 48.00 | OK | |
r-oldrel-macos-arm64 | 0.3.0 | 18.00 | OK | |||
r-oldrel-macos-x86_64 | 0.3.0 | 30.00 | OK | |||
r-oldrel-windows-x86_64 | 0.3.0 | 5.00 | 50.00 | 55.00 | OK |
Version: 0.3.0
Check: CRAN incoming feasibility
Result: NOTE
Maintainer: ‘Amr ElRafey <aelrafey@gmu.edu>’
No Authors@R field in DESCRIPTION.
Please add one, modifying
Authors@R: c(person(given = "Farrokh",
family = "Alemi",
role = "aut",
email = "falemi@gmu.edu"),
person(given = "Amr",
family = "ElRafey",
role = c("aut", "cre"),
email = "aelrafey@gmu.edu"))
as necessary.
Flavors: r-devel-linux-x86_64-debian-clang, r-devel-linux-x86_64-debian-gcc
Version: 0.3.0
Check: dependencies in R code
Result: NOTE
Namespace in Imports field not imported from: ‘bnlearn’
All declared Imports should be used.
Flavors: r-devel-linux-x86_64-fedora-clang, r-devel-linux-x86_64-fedora-gcc