Last updated on 2025-05-04 03:51:08 CEST.
Flavor | Version | Tinstall | Tcheck | Ttotal | Status | Flags |
---|---|---|---|---|---|---|
r-devel-linux-x86_64-debian-clang | 0.2.2 | 8.87 | 70.82 | 79.69 | NOTE | |
r-devel-linux-x86_64-debian-gcc | 0.2.2 | 7.31 | 52.37 | 59.68 | NOTE | |
r-devel-linux-x86_64-fedora-clang | 0.2.2 | 129.05 | OK | |||
r-devel-linux-x86_64-fedora-gcc | 0.2.2 | 117.51 | OK | |||
r-devel-windows-x86_64 | 0.2.2 | 11.00 | 77.00 | 88.00 | OK | |
r-patched-linux-x86_64 | 0.2.2 | 7.84 | 67.93 | 75.77 | OK | |
r-release-linux-x86_64 | OK | |||||
r-release-macos-arm64 | 0.2.2 | 33.00 | OK | |||
r-release-macos-x86_64 | 0.2.2 | 66.00 | OK | |||
r-release-windows-x86_64 | 0.2.2 | 10.00 | 76.00 | 86.00 | OK | |
r-oldrel-macos-arm64 | 0.2.2 | 36.00 | NOTE | |||
r-oldrel-macos-x86_64 | 0.2.2 | 53.00 | NOTE | |||
r-oldrel-windows-x86_64 | 0.2.2 | 14.00 | 94.00 | 108.00 | NOTE |
Version: 0.2.2
Check: CRAN incoming feasibility
Result: NOTE
Maintainer: ‘David Cortes <david.cortes.rivera@gmail.com>’
No Authors@R field in DESCRIPTION.
Please add one, modifying
Authors@R: person(given = "David",
family = "Cortes",
role = c("aut", "cre"),
email = "david.cortes.rivera@gmail.com")
as necessary.
Flavors: r-devel-linux-x86_64-debian-clang, r-devel-linux-x86_64-debian-gcc
Version: 0.2.2
Check: LazyData
Result: NOTE
'LazyData' is specified without a 'data' directory
Flavors: r-oldrel-macos-arm64, r-oldrel-macos-x86_64, r-oldrel-windows-x86_64