Last updated on 2025-05-04 03:51:08 CEST.
Flavor | Version | Tinstall | Tcheck | Ttotal | Status | Flags |
---|---|---|---|---|---|---|
r-devel-linux-x86_64-debian-clang | 0.0.1.1 | 30.69 | 186.35 | 217.04 | OK | |
r-devel-linux-x86_64-debian-gcc | 0.0.1.1 | 16.19 | 114.99 | 131.18 | OK | |
r-devel-linux-x86_64-fedora-clang | 0.0.1.1 | 351.09 | OK | |||
r-devel-linux-x86_64-fedora-gcc | 0.0.1.1 | 338.05 | OK | |||
r-devel-windows-x86_64 | 0.0.1.1 | 30.00 | 175.00 | 205.00 | OK | |
r-patched-linux-x86_64 | 0.0.1.1 | 27.51 | 176.58 | 204.09 | OK | |
r-release-linux-x86_64 | OK | |||||
r-release-macos-arm64 | 0.0.1.1 | 8.00 | ERROR | |||
r-release-macos-x86_64 | 0.0.1.1 | 13.00 | ERROR | |||
r-release-windows-x86_64 | 0.0.1.1 | 31.00 | 164.00 | 195.00 | WARN | |
r-oldrel-macos-arm64 | 0.0.1.1 | 14.00 | ERROR | |||
r-oldrel-macos-x86_64 | 0.0.1.1 | 16.00 | ERROR | |||
r-oldrel-windows-x86_64 | 0.0.1.1 | 42.00 | 231.00 | 273.00 | NOTE |
Version: 0.0.1.1
Check: whether package can be installed
Result: ERROR
Installation failed.
Flavors: r-release-macos-arm64, r-release-macos-x86_64, r-oldrel-macos-arm64, r-oldrel-macos-x86_64
Version: 0.0.1.1
Check: whether the namespace can be loaded with stated dependencies
Result: WARN
A namespace must be able to be loaded with just the base namespace
loaded: otherwise if the namespace gets loaded by a saved object, the
session will be unable to start.
Probably some imports need to be declared in the NAMESPACE file.
Flavor: r-release-windows-x86_64
Version: 0.0.1.1
Check: installed package size
Result: NOTE
installed size is 5.4Mb
sub-directories of 1Mb or more:
tinytest 4.1Mb
Flavor: r-oldrel-windows-x86_64