Last updated on 2025-05-07 03:51:16 CEST.
Flavor | Version | Tinstall | Tcheck | Ttotal | Status | Flags |
---|---|---|---|---|---|---|
r-devel-linux-x86_64-debian-clang | 1.3 | 6.74 | 58.10 | 64.84 | NOTE | |
r-devel-linux-x86_64-debian-gcc | 1.3 | 5.03 | 44.11 | 49.14 | NOTE | |
r-devel-linux-x86_64-fedora-clang | 1.3 | 102.31 | OK | |||
r-devel-linux-x86_64-fedora-gcc | 1.3 | 97.57 | OK | |||
r-devel-windows-x86_64 | 1.3 | 7.00 | 74.00 | 81.00 | OK | |
r-patched-linux-x86_64 | 1.3 | 6.53 | 56.55 | 63.08 | OK | |
r-release-linux-x86_64 | 1.3 | 5.69 | 58.66 | 64.35 | OK | |
r-release-macos-arm64 | 1.3 | 30.00 | OK | |||
r-release-macos-x86_64 | 1.3 | 56.00 | OK | |||
r-release-windows-x86_64 | 1.3 | 8.00 | 77.00 | 85.00 | OK | |
r-oldrel-macos-arm64 | 1.3 | 31.00 | OK | |||
r-oldrel-macos-x86_64 | 1.3 | 68.00 | OK | |||
r-oldrel-windows-x86_64 | 1.3 | 10.00 | 89.00 | 99.00 | OK |
Version: 1.3
Check: CRAN incoming feasibility
Result: NOTE
Maintainer: ‘Layla Parast <parast@austin.utexas.edu>’
No Authors@R field in DESCRIPTION.
Please add one, modifying
Authors@R: person(given = "Layla",
family = "Parast",
role = c("aut", "cre"),
email = "parast@austin.utexas.edu")
as necessary.
Flavors: r-devel-linux-x86_64-debian-clang, r-devel-linux-x86_64-debian-gcc