Last updated on 2025-05-07 03:51:16 CEST.
Flavor | Version | Tinstall | Tcheck | Ttotal | Status | Flags |
---|---|---|---|---|---|---|
r-devel-linux-x86_64-debian-clang | 0.2.0 | 6.54 | 54.61 | 61.15 | NOTE | |
r-devel-linux-x86_64-debian-gcc | 0.2.0 | 4.42 | 42.53 | 46.95 | NOTE | |
r-devel-linux-x86_64-fedora-clang | 0.2.0 | 95.62 | NOTE | |||
r-devel-linux-x86_64-fedora-gcc | 0.2.0 | 92.31 | NOTE | |||
r-devel-windows-x86_64 | 0.2.0 | 8.00 | 65.00 | 73.00 | NOTE | |
r-patched-linux-x86_64 | 0.2.0 | 6.54 | 52.87 | 59.41 | NOTE | |
r-release-linux-x86_64 | 0.2.0 | 6.53 | 53.94 | 60.47 | NOTE | |
r-release-macos-arm64 | 0.2.0 | 35.00 | NOTE | |||
r-release-macos-x86_64 | 0.2.0 | 54.00 | NOTE | |||
r-release-windows-x86_64 | 0.2.0 | 8.00 | 68.00 | 76.00 | NOTE | |
r-oldrel-macos-arm64 | 0.2.0 | 30.00 | NOTE | |||
r-oldrel-macos-x86_64 | 0.2.0 | 44.00 | NOTE | |||
r-oldrel-windows-x86_64 | 0.2.0 | 10.00 | 81.00 | 91.00 | NOTE |
Version: 0.2.0
Check: CRAN incoming feasibility
Result: NOTE
Maintainer: ‘Lior Rennert <liorr@clemson.edu>’
No Authors@R field in DESCRIPTION.
Please add one, modifying
Authors@R: c(person(given = "Lior",
family = "Rennert",
role = c("aut", "cre"),
email = "liorr@clemson.edu"),
person(given = "Yidan",
family = "Shi",
role = "aut",
email = "yidan.shi@pennmedicine.upenn.edu"))
as necessary.
Flavors: r-devel-linux-x86_64-debian-clang, r-devel-linux-x86_64-debian-gcc
Version: 0.2.0
Check: Rd files
Result: NOTE
checkRd: (-1) coxDT.Rd:76: Lost braces; missing escapes or markup?
76 | The estimation procedure here is performed using coxph {survival} and inserting these estimated
| ^
Flavors: r-devel-linux-x86_64-debian-clang, r-devel-linux-x86_64-debian-gcc, r-devel-linux-x86_64-fedora-clang, r-devel-linux-x86_64-fedora-gcc, r-devel-windows-x86_64, r-patched-linux-x86_64, r-release-linux-x86_64, r-release-macos-arm64, r-release-macos-x86_64, r-release-windows-x86_64, r-oldrel-macos-arm64, r-oldrel-macos-x86_64, r-oldrel-windows-x86_64