Last updated on 2025-05-07 03:51:16 CEST.
Flavor | Version | Tinstall | Tcheck | Ttotal | Status | Flags |
---|---|---|---|---|---|---|
r-devel-linux-x86_64-debian-clang | 1.0-2 | 3.91 | 22.12 | 26.03 | NOTE | |
r-devel-linux-x86_64-debian-gcc | 1.0-2 | 3.33 | 17.63 | 20.96 | NOTE | |
r-devel-linux-x86_64-fedora-clang | 1.0-2 | 41.47 | OK | |||
r-devel-linux-x86_64-fedora-gcc | 1.0-2 | 40.09 | OK | |||
r-devel-windows-x86_64 | 1.0-2 | 4.00 | 45.00 | 49.00 | OK | |
r-patched-linux-x86_64 | 1.0-2 | 3.78 | 21.24 | 25.02 | OK | |
r-release-linux-x86_64 | 1.0-2 | 3.11 | 21.28 | 24.39 | OK | |
r-release-macos-arm64 | 1.0-2 | 20.00 | OK | |||
r-release-macos-x86_64 | 1.0-2 | 33.00 | OK | |||
r-release-windows-x86_64 | 1.0-2 | 5.00 | 46.00 | 51.00 | OK | |
r-oldrel-macos-arm64 | 1.0-2 | 20.00 | OK | |||
r-oldrel-macos-x86_64 | 1.0-2 | 27.00 | OK | |||
r-oldrel-windows-x86_64 | 1.0-2 | 5.00 | 45.00 | 50.00 | OK |
Version: 1.0-2
Check: CRAN incoming feasibility
Result: NOTE
Maintainer: ‘Michael Grabchak <mgrabcha@uncc.edu>’
No Authors@R field in DESCRIPTION.
Please add one, modifying
Authors@R: c(person(given = "Michael",
family = "Grabchak",
role = c("aut", "cre"),
email = "mgrabcha@uncc.edu"),
person(given = "Lijuan",
family = "Cao",
role = "aut",
email = "lcao2@uncc.edu"))
as necessary.
Flavors: r-devel-linux-x86_64-debian-clang, r-devel-linux-x86_64-debian-gcc