Last updated on 2025-05-06 03:51:18 CEST.
Flavor | Version | Tinstall | Tcheck | Ttotal | Status | Flags |
---|---|---|---|---|---|---|
r-devel-linux-x86_64-debian-clang | 1.0 | 2.35 | 23.51 | 25.86 | NOTE | |
r-devel-linux-x86_64-debian-gcc | 1.0 | 1.83 | 18.75 | 20.58 | NOTE | |
r-devel-linux-x86_64-fedora-clang | 1.0 | 40.96 | OK | |||
r-devel-linux-x86_64-fedora-gcc | 1.0 | 39.05 | OK | |||
r-devel-windows-x86_64 | 1.0 | 3.00 | 44.00 | 47.00 | OK | |
r-patched-linux-x86_64 | 1.0 | 1.48 | 22.79 | 24.27 | OK | |
r-release-linux-x86_64 | 1.0 | 2.02 | 22.93 | 24.95 | OK | |
r-release-macos-arm64 | 1.0 | 20.00 | OK | |||
r-release-macos-x86_64 | 1.0 | 29.00 | OK | |||
r-release-windows-x86_64 | 1.0 | 3.00 | 46.00 | 49.00 | OK | |
r-oldrel-macos-arm64 | 1.0 | 17.00 | OK | |||
r-oldrel-macos-x86_64 | 1.0 | 25.00 | OK | |||
r-oldrel-windows-x86_64 | 1.0 | 3.00 | 50.00 | 53.00 | OK |
Version: 1.0
Check: CRAN incoming feasibility
Result: NOTE
Maintainer: ‘Maxime Durand <duran1211@gmail.com>’
No Authors@R field in DESCRIPTION.
Please add one, modifying
Authors@R: person(given = "Maxime",
family = "Durand",
role = c("aut", "cre"),
email = "duran1211@gmail.com")
as necessary.
Flavors: r-devel-linux-x86_64-debian-clang, r-devel-linux-x86_64-debian-gcc