CRAN Package Check Results for Package TGS

Last updated on 2025-05-06 03:51:18 CEST.

Flavor Version Tinstall Tcheck Ttotal Status Flags
r-devel-linux-x86_64-debian-clang 1.0.1 3.40 30.44 33.84 OK
r-devel-linux-x86_64-debian-gcc 1.0.1 2.66 23.29 25.95 OK
r-devel-linux-x86_64-fedora-clang 1.0.1 59.96 NOTE
r-devel-linux-x86_64-fedora-gcc 1.0.1 65.55 NOTE
r-devel-windows-x86_64 1.0.1 5.00 53.00 58.00 OK
r-patched-linux-x86_64 1.0.1 3.56 29.00 32.56 OK
r-release-linux-x86_64 1.0.1 3.75 29.51 33.26 OK
r-release-macos-arm64 1.0.1 39.00 OK
r-release-macos-x86_64 1.0.1 50.00 OK
r-release-windows-x86_64 1.0.1 6.00 52.00 58.00 OK
r-oldrel-macos-arm64 1.0.1 31.00 NOTE
r-oldrel-macos-x86_64 1.0.1 47.00 NOTE
r-oldrel-windows-x86_64 1.0.1 7.00 55.00 62.00 NOTE

Check Details

Version: 1.0.1
Check: dependencies in R code
Result: NOTE Namespace in Imports field not imported from: ‘ggm’ All declared Imports should be used. Flavors: r-devel-linux-x86_64-fedora-clang, r-devel-linux-x86_64-fedora-gcc

Version: 1.0.1
Check: LazyData
Result: NOTE 'LazyData' is specified without a 'data' directory Flavors: r-oldrel-macos-arm64, r-oldrel-macos-x86_64, r-oldrel-windows-x86_64