Last updated on 2025-05-06 03:51:19 CEST.
Flavor | Version | Tinstall | Tcheck | Ttotal | Status | Flags |
---|---|---|---|---|---|---|
r-devel-linux-x86_64-debian-clang | 1.1.0 | 10.71 | 143.25 | 153.96 | NOTE | |
r-devel-linux-x86_64-debian-gcc | 1.1.0 | 7.14 | 101.31 | 108.45 | NOTE | |
r-devel-linux-x86_64-fedora-clang | 1.1.0 | 246.27 | OK | |||
r-devel-linux-x86_64-fedora-gcc | 1.1.0 | 263.62 | OK | |||
r-devel-windows-x86_64 | 1.1.0 | 11.00 | 293.00 | 304.00 | OK | |
r-patched-linux-x86_64 | 1.1.0 | 9.54 | 135.20 | 144.74 | OK | |
r-release-linux-x86_64 | 1.1.0 | 9.16 | 136.02 | 145.18 | OK | |
r-release-macos-arm64 | 1.1.0 | 68.00 | OK | |||
r-release-macos-x86_64 | 1.1.0 | 135.00 | OK | |||
r-release-windows-x86_64 | 1.1.0 | 12.00 | 139.00 | 151.00 | OK | |
r-oldrel-macos-arm64 | 1.1.0 | 68.00 | NOTE | |||
r-oldrel-macos-x86_64 | 1.1.0 | 110.00 | NOTE | |||
r-oldrel-windows-x86_64 | 1.1.0 | 15.00 | 187.00 | 202.00 | NOTE |
Version: 1.1.0
Check: CRAN incoming feasibility
Result: NOTE
Maintainer: ‘Carlos P. Carmona <perezcarmonacarlos@gmail.com>’
No Authors@R field in DESCRIPTION.
Please add one, modifying
Authors@R: person(given = c("Carlos", "P."),
family = "Carmona",
role = c("aut", "cre"),
email = "perezcarmonacarlos@gmail.com")
as necessary.
Flavors: r-devel-linux-x86_64-debian-clang, r-devel-linux-x86_64-debian-gcc
Version: 1.1.0
Check: LazyData
Result: NOTE
'LazyData' is specified without a 'data' directory
Flavors: r-oldrel-macos-arm64, r-oldrel-macos-x86_64, r-oldrel-windows-x86_64