Last updated on 2025-05-07 03:51:17 CEST.
Flavor | Version | Tinstall | Tcheck | Ttotal | Status | Flags |
---|---|---|---|---|---|---|
r-devel-linux-x86_64-debian-clang | 0.1.0 | 2.22 | 20.22 | 22.44 | OK | |
r-devel-linux-x86_64-debian-gcc | 0.1.0 | 1.76 | 16.12 | 17.88 | OK | |
r-devel-linux-x86_64-fedora-clang | 0.1.0 | 34.02 | NOTE | |||
r-devel-linux-x86_64-fedora-gcc | 0.1.0 | 32.36 | NOTE | |||
r-devel-windows-x86_64 | 0.1.0 | 3.00 | 63.00 | 66.00 | OK | |
r-patched-linux-x86_64 | 0.1.0 | 2.44 | 19.00 | 21.44 | OK | |
r-release-linux-x86_64 | 0.1.0 | 2.06 | 19.36 | 21.42 | OK | |
r-release-macos-arm64 | 0.1.0 | 18.00 | OK | |||
r-release-macos-x86_64 | 0.1.0 | 24.00 | OK | |||
r-release-windows-x86_64 | 0.1.0 | 3.00 | 109.00 | 112.00 | OK | |
r-oldrel-macos-arm64 | 0.1.0 | 15.00 | OK | |||
r-oldrel-macos-x86_64 | 0.1.0 | 22.00 | OK | |||
r-oldrel-windows-x86_64 | 0.1.0 | 3.00 | 46.00 | 49.00 | OK |
Version: 0.1.0
Check: dependencies in R code
Result: NOTE
Namespace in Imports field not imported from: ‘stats’
All declared Imports should be used.
Flavors: r-devel-linux-x86_64-fedora-clang, r-devel-linux-x86_64-fedora-gcc