Last updated on 2025-05-04 03:51:09 CEST.
Flavor | Version | Tinstall | Tcheck | Ttotal | Status | Flags |
---|---|---|---|---|---|---|
r-devel-linux-x86_64-debian-clang | 0.1.1 | 7.28 | 68.63 | 75.91 | NOTE | |
r-devel-linux-x86_64-debian-gcc | 0.1.1 | 4.67 | 49.33 | 54.00 | NOTE | |
r-devel-linux-x86_64-fedora-clang | 0.1.1 | 106.80 | OK | |||
r-devel-linux-x86_64-fedora-gcc | 0.1.1 | 110.96 | OK | |||
r-devel-windows-x86_64 | 0.1.1 | 8.00 | 85.00 | 93.00 | OK | |
r-patched-linux-x86_64 | 0.1.1 | 6.53 | 64.68 | 71.21 | OK | |
r-release-linux-x86_64 | OK | |||||
r-release-macos-arm64 | 0.1.1 | 34.00 | OK | |||
r-release-macos-x86_64 | 0.1.1 | 64.00 | OK | |||
r-release-windows-x86_64 | 0.1.1 | 9.00 | 82.00 | 91.00 | OK | |
r-oldrel-macos-arm64 | 0.1.1 | 34.00 | NOTE | |||
r-oldrel-macos-x86_64 | 0.1.1 | 54.00 | NOTE | |||
r-oldrel-windows-x86_64 | 0.1.1 | 11.00 | 98.00 | 109.00 | NOTE |
Version: 0.1.1
Check: CRAN incoming feasibility
Result: NOTE
Maintainer: ‘Dr. Ranjit Kumar Paul <ranjitstat@gmail.com>’
No Authors@R field in DESCRIPTION.
Please add one, modifying
Authors@R: c(person(given = "Sandipan",
family = "Samanta",
role = "aut"),
person(given = c("Ranjit", "Kumar"),
family = "Paul",
role = "aut"),
person(given = "Dipankar",
family = "Mitra",
role = "aut"),
person(given = c("Dr.", "Ranjit", "Kumar"),
family = "Paul",
role = "cre",
email = "ranjitstat@gmail.com"))
as necessary.
Flavors: r-devel-linux-x86_64-debian-clang, r-devel-linux-x86_64-debian-gcc
Version: 0.1.1
Check: LazyData
Result: NOTE
'LazyData' is specified without a 'data' directory
Flavors: r-oldrel-macos-arm64, r-oldrel-macos-x86_64, r-oldrel-windows-x86_64